{"id":9580,"date":"2024-11-21T15:52:21","date_gmt":"2024-11-21T14:52:21","guid":{"rendered":"https:\/\/www.ina-wissmann.de\/shop\/?post_type=product&#038;p=9580"},"modified":"2024-12-13T16:39:49","modified_gmt":"2024-12-13T15:39:49","slug":"buch-der-wind-unter-deinen-fluegeln-gemeinschaftsprojekt-von-10-powerfrauen","status":"publish","type":"product","link":"https:\/\/www.ina-wissmann.de\/shop\/produkt\/buch-der-wind-unter-deinen-fluegeln-gemeinschaftsprojekt-von-10-powerfrauen\/","title":{"rendered":"Buch Der Wind unter deinen Fl\u00fcgeln &#8211; Gemeinschaftsprojekt von 10 Powerfrauen"},"content":{"rendered":"<p><strong>Bist du bereit und neugierig, was du alles schaffen kannst?<\/strong>  Schnuppere mithilfe der Informationen und \u00dcbungen in jede dieser Methoden hinein. Probiere sie mit Neugier aus und sp\u00fcre, was du dabei empfindest. So kannst du erste Erfahrungen damit sammeln oder vertiefen. Sp\u00fcre, welche Gef\u00fchle und Verbesserungen sie bei dir bewirken &#8211; gehe wie Sherlok Holmes auf die Spurensuche deiner vergessenen Quellen. Setze ein Puzzleteil an das andere und lass das sch\u00f6nste Bild entstehen, wodurch dein Herz vor Freude Salto springt, wie auf einem Trampolin.  <strong>Stell dir vor &#8230;<\/strong> <\/p>\n<ul>\n<li>\u2026wie du zur besten Version deiner Selbst wirst und dich und deine Welt verbesserst.<\/li>\n<li>\u2026du kannst dir selbst mit diesen 10 Coaching Methoden helfen und zum Mittelpunkt deines Lebens werden. Du nimmst deine wahre Gr\u00f6\u00dfe ein!<\/li>\n<li>\u2026du nutzt den schnellsten und einfachsten Weg, um in stressigen Situationen schnell wieder in deine Ruhe und Kraft zu kommen.<\/li>\n<li>\u2026wenn du Entscheidungen triffst, bist du dir sicher, es wird die richtige sein.<\/li>\n<li>\u2026100% Klarheit zu haben, wie dein Weg f\u00fcr dich weiter geht.<\/li>\n<li>\u2026du kennst das Geheimnis, wie du weg vom Problemdenken kommst und direkt zu deiner L\u00f6sung.<\/li>\n<li>\u2026Altlasten, Blockaden und Selbstzweifel ade zu sagen. Endlich frei, selbstbewusst und in deiner vollen Kraft und Macht sein.<\/li>\n<\/ul>\n<p> Am Ende des Buches solltest du dich durch die vielen Quellen in dir reich beschenkt, gl\u00fccklich und entspannt f\u00fchlen. Und zum Abschluss haben wir noch etwas ganz Besonderes f\u00fcr dich, denn das Ende des Buches kann auch der Start in ein neues Abenteuer sein, indem du noch mehr Fahrtwind bekommst und deine Lebensgeschichte in neue Dimensionen hebst.  Doch jetzt sei erstmal neugierig und verspielt, wie ein kleines Kind, das diese Abenteuerreise f\u00fcr sich unternimmt. Dein inneres Kind wird dabei sicherlich seine Freude haben und auch du wirst viele Aha Momente erleben.  Wahrscheinlich hast du von der ein oder anderen Coaching Methode vorher etwas ganz anderes gedacht. Du h\u00e4ttest sie wom\u00f6glich nie f\u00fcr dich als Reisebegleitung entdeckt, weil du sie vielleicht schon einmal in einem ganz anderen Zusammenhang geh\u00f6rt oder gesehen hast. Doch gerade diese au\u00dfergew\u00f6hnlichen Methoden haben schon Tausenden von Menschen geholfen, ihr eigenes Potenzial zu erkennen bzw. in vollem Umfang zu nutzen.  <strong>Alles, was du daf\u00fcr brauchst, kann auf den 10 Wegen zu entdecken sein<\/strong>  Und genau hier kommen nun wir 10 Expertinnen ins Spiel.  Wir haben 4 Monate damit verbracht, dir ein Programm zu erstellen, in welchem du alle 10 Wege als Selbsthilfecoaching kennenlernen und auch vertiefen kannst. Jede von uns hat dabei die Umsetzungsschritte so aufbereitet, dass du die Umsetzung auch alleine bei dir Zuhause in Ruhe beginnen und erste Aha Momente damit erleben kannst.  Unser gemeinsames Buch bietet dir den Einstieg in diese m\u00e4chtigen Coaching-Methoden.  Wir empfehlen dir in jede der 10 Methoden einmal hineinzuschnuppern. So kannst du herausfinden, mit welcher du dann deine Umsetzung starten willst und welche dir zum Erreichen deines n\u00e4chstes Levels noch dienlich ist. Jede f\u00fcr sich unterst\u00fctzt eine bestimmte Quelle in dir. Du kannst somit unterschiedliche Ziele und Ergebnisse damit erreichen. Nutze so viele, wie du zum Gl\u00fccklichsein brauchst. <\/p>\n<div class=thrv_wrapper thrv_text_element tcb-local-vars-root data-css=tve-u-62ee25f8c38e91>\n<h3 class= align=center data-css=tve-u-62ee25f8c38eb6><strong>Diese Frauen stehen mit ihrem Expertenwissen im Buch an deiner Seite<\/strong><\/h3>\n<\/p><\/div>\n<div class=thrv_wrapper thrv-columns data-css=tve-u-62ee25f8c38ed4>\n<div class=tcb-flex-row v-2 tcb-resized tcb--cols--2>\n<div class=tcb-flex-col c-33 data-css=tve-u-62ee25f8c38ef3>\n<div class=tcb-col>\n<div class=thrv_wrapper tve_image_caption data-css=tve-u-62ee25f8c38f10><span class=tve_image_frame><a href=\"https:\/\/schulze-verlag.de\/wp-content\/uploads\/2022\/05\/Angelina.jpg\" target=\"_blank\" rel=\"noopener\"><img class=tve_image wp-image-2755 title=Angelina src=https:\/\/schulze-verlag.de\/wp-content\/uploads\/2022\/05\/Angelina.jpg sizes=(max-width: 171px) 100vw, 171px srcset=https:\/\/schulze-verlag.de\/wp-content\/uploads\/2022\/05\/Angelina.jpg 362w, https:\/\/schulze-verlag.de\/wp-content\/uploads\/2022\/05\/Angelina-274x300.jpg 274w alt=Angelina Schulze width=171 height=188 data-id=2755 data-init-width=362 data-init-height=397 data-link-wrap=true data-width=171 data-height=188 \/><\/a> <\/span><strong>Angelina Schulze: <\/strong>Angelina begeisterte schon immer die Arbeit mit dem Unterbewusstsein und wie Antworten aus einer tiefen Quelle in einem selbst entstehen. Als Heilpraktikerin f\u00fcr Psychotherapie lernte sie Hypnose anzuwenden und viele andere Coaching Methoden aus dem spirituellen und therapeutischen Bereich. Seit vielen Jahren schreibt sie B\u00fccher und ist als inspirierende Lehrerin im Bereich Selbsthilfe und Beratung t\u00e4tig. So unterrichtet sie z.B. die LenoPower, mit der sich jeder selbst helfen kann. Sie zeigt dir, wie du deine Antworten und die n\u00f6tige Klarheit bekommst und wie es weitergeht. Erfahre, wie du dir selbst Ratschl\u00e4ge geben und leichter deine Entscheidungen treffen kannst.<\/div>\n<\/p><\/div>\n<\/p><\/div>\n<\/p><\/div>\n<\/p><\/div>\n<div class=thrv_wrapper thrv-columns data-css=tve-u-62ee25f8c38ed4>\n<div class=tcb-flex-row v-2 tcb-resized tcb--cols--2>\n<div class=tcb-flex-col c-33 data-css=tve-u-62ee25f8c38ef3>\n<div class=tcb-col>\n<div class=thrv_wrapper tve_image_caption data-css=tve-u-62ee25f8c38f10><span class=tve_image_frame><a href=\"https:\/\/schulze-verlag.de\/wp-content\/uploads\/2022\/05\/Manuela-Csikor-foto.jpg\" target=\"_blank\" rel=\"noopener\"><img class=tve_image wp-image-2922 title=Manuela Csikor-foto src=https:\/\/schulze-verlag.de\/wp-content\/uploads\/2022\/05\/Manuela-Csikor-foto.jpg sizes=(max-width: 171px) 100vw, 171px srcset=https:\/\/schulze-verlag.de\/wp-content\/uploads\/2022\/05\/Manuela-Csikor-foto.jpg 400w, https:\/\/schulze-verlag.de\/wp-content\/uploads\/2022\/05\/Manuela-Csikor-foto-300x300.jpg 300w, https:\/\/schulze-verlag.de\/wp-content\/uploads\/2022\/05\/Manuela-Csikor-foto-150x150.jpg 150w alt=Manuela Csikor-foto width=171 height=171 data-id=2922 data-init-width=400 data-init-height=400 data-link-wrap=true data-width=171 data-height=171 \/><\/a> <strong>Manuela Csikor: <\/strong>Manuela ist Herz- und Energiecoach und erforscht seit Jahren alles, was mit Energetischer Psychologie und Co zu tun hat. Manuela gibt dir einfach anwendbare Hilfen an die Hand, die du ganz konkret f\u00fcr dich und deine Lieben in deinem Alltag nutzen kannst, um deinem Stress und deinen \u00c4ngsten gelassener zu begegnen. Entdecke mit ihr eine unkonventionelle Methode, die du immer einsetzen kannst, wenn es stressig wird oder du in bestimmten Situationen mal eine Portion Mut ben\u00f6tigst. <\/span><\/div>\n<\/p><\/div>\n<\/p><\/div>\n<\/p><\/div>\n<\/p><\/div>\n<div class=thrv_wrapper thrv-columns data-css=tve-u-62ee25f8c38ed4>\n<div class=tcb-flex-row v-2 tcb-resized tcb--cols--2>\n<div class=tcb-flex-col c-33 data-css=tve-u-62ee25f8c38ef3>\n<div class=tcb-col>\n<div class=thrv_wrapper tve_image_caption data-css=tve-u-62ee25f8c38f75><span class=tve_image_frame><a href=\"https:\/\/schulze-verlag.de\/wp-content\/uploads\/2022\/05\/Petra-Geisel-Foto.jpg\" target=\"_blank\" rel=\"noopener\"><img class=tve_image wp-image-2914 title=Petra Geisel - Foto src=https:\/\/schulze-verlag.de\/wp-content\/uploads\/2022\/05\/Petra-Geisel-Foto.jpg sizes=(max-width: 171px) 100vw, 171px srcset=https:\/\/schulze-verlag.de\/wp-content\/uploads\/2022\/05\/Petra-Geisel-Foto.jpg 400w, https:\/\/schulze-verlag.de\/wp-content\/uploads\/2022\/05\/Petra-Geisel-Foto-300x300.jpg 300w, https:\/\/schulze-verlag.de\/wp-content\/uploads\/2022\/05\/Petra-Geisel-Foto-150x150.jpg 150w alt=Petra Geisel Foto width=171 height=171 data-id=2914 data-init-width=400 data-init-height=400 data-link-wrap=true data-width=171 data-height=171 \/><\/a> <\/span><strong>Petra Shakira Geisel: <\/strong>Shakira ist bekannt als mutmachende Helden*Schmiedin, Mentorin, Gl\u00fccks*Coachin und Wandlungs*K\u00fcnstlerin. Einst schwer beladen, von Einsamkeit und Trauer geplagt, forderte sie ihr \u201eSchicksal\u201c dazu auf, zur Transformations*Meisterin zu werden. Auf ihrem Weg zur\u00fcck ins Leben lernte sie Berge zu versetzen und zu beweisen: Alles ist zu jeder Zeit m\u00f6glich! Mit wertvollen Lebenserfahrungen im Gep\u00e4ck, gr\u00fcndete sie eine ganzheitliche Lebensschule f\u00fcr Neues Bewusstsein. Hierbei ist die geheimnisvolle Kraft &gt;von der Transformation zur Heilung&lt; ein gro\u00dfer Meilenstein. Seit mehr als 15 Jahren hilft sie nun anderen und gerne auch dir, dein Leben zum Positiven zu wandeln und es erf\u00fcllt und gl\u00fccklich zu gestalten. Shakira ist \u00fcberzeugt: Durch bewusstes Ver\u00e4ndern von Denken, F\u00fchlen und Handeln &#8211; und einer feinen Prise Magic &#8211; sind Quantenspr\u00fcnge f\u00fcr jeden m\u00f6glich \ud83d\ude09 <a href=\"https:\/\/schulze-verlag.de\/wp-content\/uploads\/2022\/07\/Petra-Silberbauer-Foto2022.jpg\" target=\"_blank\" rel=\"noopener\"><img class=tve_image wp-image-3326 tcb-moved-image title=Petra Silberbauer Foto2022 src=https:\/\/schulze-verlag.de\/wp-content\/uploads\/2022\/07\/Petra-Silberbauer-Foto2022.jpg sizes=(max-width: 171px) 100vw, 171px srcset=https:\/\/schulze-verlag.de\/wp-content\/uploads\/2022\/07\/Petra-Silberbauer-Foto2022.jpg 407w, https:\/\/schulze-verlag.de\/wp-content\/uploads\/2022\/07\/Petra-Silberbauer-Foto2022-213x300.jpg 213w alt=Petra Silberbauer Foto2022 width=171 height=241 data-id=3326 data-init-width=407 data-init-height=573 data-link-wrap=true data-width=171 data-height=241 data-css=tve-u-62ee25f8c38fb2 \/><\/a> <strong>Petra Silberbauer: <\/strong>Petra ist seit mehr als 20 Jahren Trainerin, Referentin und Ausbilderin f\u00fcr Methoden, wie ihre Teilnehmer\/innen ihre innere Balance wiederfinden k\u00f6nnen. Sie zeigt dir, wie du deinen Anker des Lebens effektiv nutzt und das Chi in dir zum Flie\u00dfen bringst. So hilfst du deinem K\u00f6rper, ins Lot zu kommen. Entdecke die M\u00f6glichkeiten, dein vegetatives Nervensystem in Einklang zu bringen. Finde heraus, wie du K\u00f6rper, Geist und Seele in Harmonie bringst.<\/div>\n<\/p><\/div>\n<\/p><\/div>\n<\/p><\/div>\n<\/p><\/div>\n<div class=thrv_wrapper thrv-columns data-css=tve-u-62ee25f8c38ed4>\n<div class=tcb-flex-row v-2 tcb-resized tcb--cols--2>\n<div class=tcb-flex-col c-33 data-css=tve-u-62ee25f8c38ef3>\n<div class=tcb-col>\n<div class=thrv_wrapper tve_image_caption data-css=tve-u-62ee25f8c38f75><span class=tve_image_frame><a href=\"https:\/\/schulze-verlag.de\/wp-content\/uploads\/2022\/05\/Katja-Boeder-Foto-2.jpg\" target=\"_blank\" rel=\"noopener\"><img class=tve_image wp-image-2882 title=Katja Boeder - Foto 2 src=https:\/\/schulze-verlag.de\/wp-content\/uploads\/2022\/05\/Katja-Boeder-Foto-2.jpg sizes=(max-width: 171px) 100vw, 171px srcset=https:\/\/schulze-verlag.de\/wp-content\/uploads\/2022\/05\/Katja-Boeder-Foto-2.jpg 400w, https:\/\/schulze-verlag.de\/wp-content\/uploads\/2022\/05\/Katja-Boeder-Foto-2-300x300.jpg 300w, https:\/\/schulze-verlag.de\/wp-content\/uploads\/2022\/05\/Katja-Boeder-Foto-2-150x150.jpg 150w alt=Katja Boeder - Foto 2 width=171 height=171 data-id=2882 data-init-width=400 data-init-height=400 data-link-wrap=true data-width=171 data-height=171 \/><\/a> <\/span><strong>Katja B\u00f6der: <\/strong>Katja ist Medium, Mentorin und \u00dcbersetzerin der geistigen Welt. Sie zeigt dir, wieviel Gewahrsein, Kraft, Energie, Zauber und Magie in dir steckt, die du t\u00e4glich anwenden kannst, um dir ein ges\u00fcnderes, ausgeglicheneres und gl\u00fccklicheres Leben zu kreieren. Sie zeigt dir, was f\u00fcr ein Energiepaket du sein kannst. In ihrer Arbeit l\u00f6st sie mit au\u00dfergew\u00f6hnlichen Tools Herausforderungen urs\u00e4chlich bzw. urspr\u00fcnglich auf und gibt entsprechende Workshops f\u00fcr spirituelle Weiterbildungen. 2020 bekam sie ganz besondere Hilfe von der geistigen Welt, woraus eine v\u00f6llig neue Sichtweise auf die Menschen entstand. Diese nutzt Katja, um dich bei deinen Herausforderungen noch besser zu unterst\u00fctzen.<\/div>\n<\/p><\/div>\n<\/p><\/div>\n<\/p><\/div>\n<\/p><\/div>\n<div class=thrv_wrapper thrv-columns data-css=tve-u-62ee25f8c38ed4>\n<div class=tcb-flex-row v-2 tcb-resized tcb--cols--2>\n<div class=tcb-flex-col c-33 data-css=tve-u-62ee25f8c38ef3>\n<div class=tcb-col>\n<div class=thrv_wrapper tve_image_caption data-css=tve-u-62ee25f8c38f75><span class=tve_image_frame><a href=\"https:\/\/schulze-verlag.de\/wp-content\/uploads\/2022\/05\/Andrea-Rosenthal-Foto.jpg\" target=\"_blank\" rel=\"noopener\"><img class=tve_image wp-image-2915 title=Andrea Rosenthal Foto src=https:\/\/schulze-verlag.de\/wp-content\/uploads\/2022\/05\/Andrea-Rosenthal-Foto.jpg sizes=(max-width: 171px) 100vw, 171px srcset=https:\/\/schulze-verlag.de\/wp-content\/uploads\/2022\/05\/Andrea-Rosenthal-Foto.jpg 400w, https:\/\/schulze-verlag.de\/wp-content\/uploads\/2022\/05\/Andrea-Rosenthal-Foto-300x300.jpg 300w, https:\/\/schulze-verlag.de\/wp-content\/uploads\/2022\/05\/Andrea-Rosenthal-Foto-150x150.jpg 150w alt=Andrea Rosenthal Foto width=171 height=171 data-id=2915 data-init-width=400 data-init-height=400 data-link-wrap=true data-width=171 data-height=171 \/><\/a> <\/span><strong>Andrea Rosenthal: <\/strong>Andrea ist psychologische Beraterin, Reiki-Lehrerin und Autorin. Sie wendet in ihrer Beratert\u00e4tigkeit am liebsten Methoden an, bei denen sie deine Situationen transparent macht. So kann sie dir zeigen, was gerade da ist, um dann l\u00f6sungsorientiert M\u00f6glichkeiten aufzuzeigen, die mehr zu einer Harmonisierung deiner Lebenssituation beitragen k\u00f6nnen. Andrea erm\u00f6glicht dir auch mit ihrer Spezialmethode, wie du mit deinen Pers\u00f6nlichkeitsanteilen kommunizierst. So lernst du dich noch mal auf eine ganz besondere Art kennen und die Quellen in dir optimal zu nutzen. Bringe dich selbst auf das n\u00e4chste Level deiner Lebensreise. Du kannst durch deine Selbstverantwortung deine eigenbestimmte Zukunft gestalten.<\/div>\n<\/p><\/div>\n<\/p><\/div>\n<\/p><\/div>\n<\/p><\/div>\n<div class=thrv_wrapper thrv-columns data-css=tve-u-62ee25f8c38ed4>\n<div class=tcb-flex-row v-2 tcb-resized tcb--cols--2>\n<div class=tcb-flex-col c-33 data-css=tve-u-62ee25f8c38ef3>\n<div class=tcb-col>\n<div class=thrv_wrapper tve_image_caption data-css=tve-u-62ee25f8c38f75><span class=tve_image_frame><a href=\"https:\/\/schulze-verlag.de\/wp-content\/uploads\/2022\/05\/Nicole-Hehnke-Foto-1.jpg\" target=\"_blank\" rel=\"noopener\"><img class=tve_image wp-image-2877 title=Nicole Hehnke Foto 1 src=https:\/\/schulze-verlag.de\/wp-content\/uploads\/2022\/05\/Nicole-Hehnke-Foto-1.jpg sizes=(max-width: 171px) 100vw, 171px srcset=https:\/\/schulze-verlag.de\/wp-content\/uploads\/2022\/05\/Nicole-Hehnke-Foto-1.jpg 390w, https:\/\/schulze-verlag.de\/wp-content\/uploads\/2022\/05\/Nicole-Hehnke-Foto-1-293x300.jpg 293w alt=Nicole Hehnke Foto 1 width=171 height=175 data-id=2877 data-init-width=390 data-init-height=400 data-link-wrap=true data-width=171 data-height=175 \/><\/a> <\/span><strong>Nicole Hehnke: <\/strong>Nicole ist Medium, Mentorin f\u00fcr mediale F\u00e4higkeiten, hellsehend, hellf\u00fchlend und hellh\u00f6rend von Kindheit an. Bei vielen Menschen sind die Weisheit, die Macht und das Potenzial oft versch\u00fcttet unter Blockaden, Furcht und der Angst vor der eigenen Kraft und den eigenen medialen F\u00e4higkeiten. Nicole zeigt dir, wie du aus dem Alten endlich das Neue entstehen l\u00e4sst, dich weiter entwickelst und revolutionierst. Du wirst gebraucht, mit deinen Gaben und auf deine eigene Weise. Nicole sieht dich in deinem vollen Schein und Glanz und hilft dir, das auch zu erkennen und voll und ganz zu leben.<\/div>\n<\/p><\/div>\n<\/p><\/div>\n<\/p><\/div>\n<\/p><\/div>\n<div class=thrv_wrapper thrv-columns data-css=tve-u-62ee25f8c38ed4>\n<div class=tcb-flex-row v-2 tcb-resized tcb--cols--2>\n<div class=tcb-flex-col c-33 data-css=tve-u-62ee25f8c38ef3>\n<div class=tcb-col>\n<div class=thrv_wrapper tve_image_caption data-css=tve-u-62ee25f8c38f75><span class=tve_image_frame><a href=\"https:\/\/schulze-verlag.de\/wp-content\/uploads\/2022\/05\/Sabine-Hahne-Foto.jpg\" target=\"_blank\" rel=\"noopener\"><img class=tve_image wp-image-2880 title=Sabine Hahne - Foto src=https:\/\/schulze-verlag.de\/wp-content\/uploads\/2022\/05\/Sabine-Hahne-Foto.jpg sizes=(max-width: 171px) 100vw, 171px srcset=https:\/\/schulze-verlag.de\/wp-content\/uploads\/2022\/05\/Sabine-Hahne-Foto.jpg 400w, https:\/\/schulze-verlag.de\/wp-content\/uploads\/2022\/05\/Sabine-Hahne-Foto-300x300.jpg 300w, https:\/\/schulze-verlag.de\/wp-content\/uploads\/2022\/05\/Sabine-Hahne-Foto-150x150.jpg 150w alt=Sabine Hahne - Foto width=171 height=171 data-id=2880 data-init-width=400 data-init-height=400 data-link-wrap=true data-width=171 data-height=171 \/><\/a> <strong>Sabine Hahne:<\/strong> Sabine ist ZahlenFl\u00fcsterin und Wegbegleiterin. Sie offenbart dir das Geheimnis, wie du ohne gro\u00dfen Firlefanz und zeitaufwendigem Coaching sekundenschnell noch tiefer dein ureigenes Ich erkennen &amp; einsetzen kannst. Ein Schritt, der dich intensiver zu dir und deinen Aufgaben hinspringen l\u00e4sst, f\u00fcr deine Kernaufgaben im Privatleben und in deinem Herzens-Business. Der Erfolg zeigt sich umfassender, wenn du genau deine ureigenen St\u00e4rken schwarz auf wei\u00df erkennst. Gestartet ist Sabine klassisch als PTA in der Apotheke. \u201eWarum sind Menschen krank\u201c, warum bleiben sie oft krank\u201c warum bin ich hier? Diese Fragen haben sie jahrzehntelang besch\u00e4ftigt. Ihre Berufung, leidenschaftlich und innerlich absolut im Reinen \u2013 gepaart mit ihren Erfahrungen auf ihrem Weg und ihren Weiterbildungen &#8211; helfen ganz einfach, dein ganzes Potenzial sichtbar zu machen. Es darf alles leicht anwendbar sein. Du bist die Queen in deinem ErfolgReich. Mit Sabine Hahne auf dem Weg zur Krone. <\/span><\/div>\n<\/p><\/div>\n<\/p><\/div>\n<\/p><\/div>\n<\/p><\/div>\n<div class=thrv_wrapper thrv-columns data-css=tve-u-62ee25f8c38ed4>\n<div class=tcb-flex-row v-2 tcb-resized tcb--cols--2>\n<div class=tcb-flex-col c-33 data-css=tve-u-62ee25f8c38ef3>\n<div class=tcb-col>\n<div class=thrv_wrapper tve_image_caption data-css=tve-u-62ee25f8c38f75><span class=tve_image_frame><a href=\"https:\/\/schulze-verlag.de\/wp-content\/uploads\/2022\/05\/Stella-Jeannette-Foto.jpg\" target=\"_blank\" rel=\"noopener\"><img class=tve_image wp-image-2878 title=Stella Jeannette Foto src=https:\/\/schulze-verlag.de\/wp-content\/uploads\/2022\/05\/Stella-Jeannette-Foto.jpg sizes=(max-width: 171px) 100vw, 171px srcset=https:\/\/schulze-verlag.de\/wp-content\/uploads\/2022\/05\/Stella-Jeannette-Foto.jpg 399w, https:\/\/schulze-verlag.de\/wp-content\/uploads\/2022\/05\/Stella-Jeannette-Foto-300x300.jpg 300w, https:\/\/schulze-verlag.de\/wp-content\/uploads\/2022\/05\/Stella-Jeannette-Foto-150x150.jpg 150w alt=Stella Jeannette Foto width=171 height=171 data-id=2878 data-init-width=399 data-init-height=399 data-link-wrap=true data-width=171 data-height=171 \/><\/a> <\/span><strong>Stella Schirjaew: <\/strong>Stella ist systemische Lebensberaterin. Mit ihrem hohen Einf\u00fchlungsverm\u00f6gen und viel Feingef\u00fchl leitet Stella ihre Gegen\u00fcber von Problemen hin zu ihren individuellen L\u00f6sungen. Sie selbst hat darin eine lebenswandelnde Erfahrung gemacht und hat ein Vielfaches an Selbstwert und Vertrauen in sich dazu gewonnen. Denn das Gef\u00fchl, immer auf der Suche zu sein, ist gel\u00f6st. Ebenso wie das Gef\u00fchl, nie genug zu sein, ist gestillt. Kennst du solche Gef\u00fchle von dir? Stella wird dich begleiten, diese ebenfalls zu l\u00f6sen. Und noch viel mehr&#8230; Gemeinsam tanzt sie mit dir zur\u00fcck in dein selbstbestimmtes, gest\u00e4rktes und buntes Leben. Werde selbst zur Steh-auf-Frau deines Lebens.<\/div>\n<\/p><\/div>\n<\/p><\/div>\n<\/p><\/div>\n<\/p><\/div>\n<div class=thrv_wrapper thrv-columns data-css=tve-u-62ee25f8c38ed4>\n<div class=tcb-flex-row v-2 tcb-resized tcb--cols--2>\n<div class=tcb-flex-col c-33 data-css=tve-u-62ee25f8c38ef3>\n<div class=tcb-col>\n<div class=thrv_wrapper tve_image_caption data-css=tve-u-62ee25f8c38f75><span class=tve_image_frame><a href=\"https:\/\/schulze-verlag.de\/wp-content\/uploads\/2022\/05\/ina-wissmann-Foto.jpg\" target=\"_blank\" rel=\"noopener\"><img class=tve_image wp-image-2916 title=ina wissmann Foto src=https:\/\/schulze-verlag.de\/wp-content\/uploads\/2022\/05\/ina-wissmann-Foto.jpg sizes=(max-width: 171px) 100vw, 171px srcset=https:\/\/schulze-verlag.de\/wp-content\/uploads\/2022\/05\/ina-wissmann-Foto.jpg 400w, https:\/\/schulze-verlag.de\/wp-content\/uploads\/2022\/05\/ina-wissmann-Foto-300x300.jpg 300w, https:\/\/schulze-verlag.de\/wp-content\/uploads\/2022\/05\/ina-wissmann-Foto-150x150.jpg 150w alt=ina wissmann Foto width=171 height=171 data-id=2916 data-init-width=400 data-init-height=400 data-link-wrap=true data-width=171 data-height=171 \/><\/a> <\/span><strong>Ina Wi\u00dfmann: <\/strong>Ina ist seit 20 Jahren als Seminarleiterin und Ausbilderin t\u00e4tig. Sie unterst\u00fctzt dich dabei, deine innere Weisheit zu entdecken. Mit praktischen und einfach anzuwendenden Mitteln zeigt sie dir, wie du deine dir innewohnenden F\u00e4higkeiten entwickeln kannst. Das hilft dir, gl\u00fccklicher und erfolgreicher mit Leichtigkeit im Leben voranzukommen. So kannst du deine wahre Gr\u00f6\u00dfe entdecken und deinen Platz im Leben einnehmen.<\/div>\n<\/p><\/div>\n<\/p><\/div>\n<\/p><\/div>\n<\/p><\/div>\n<p> <em><img class=size-full wp-image-7409 alignleft src=https:\/\/www.ina-wissmann.de\/shop\/wp-content\/uploads\/2021\/06\/SHop-Produkt-Anwender-Tipp-Bild.jpg alt= width=200 height=200 \/><\/em>  &nbsp;  &nbsp;  Du bist einzigartig und darfst es der Welt auch zeigen! In diesem Buch findest du viel Motivation f\u00fcr dich, wie du deine F\u00e4higkeiten in der Welt zum Leuchten bringen und ausleben kannst.<\/p>\n","protected":false},"excerpt":{"rendered":"<h3>Neuerscheinung 2023 &amp; Auslieferung am 1. September 2022!<\/h3>\n<p> <strong>In diesem Buch lernst du 10 wundervolle Quellen in dir kennen<\/strong>  Wie der Buchumschlag schon vermuten l\u00e4sst, nutzen wir dazu 10 au\u00dfergew\u00f6hnliche Coaching Methoden. Sie haben ihren Ursprung teils im spirituellen Bereich und teils im Bereich der Potenzialentfaltung und Pers\u00f6nlichkeitsentwicklung.  <strong>Lass dich einfach \u00fcberraschen!<\/strong>  Welche Quelle in dir m\u00f6chtest du befl\u00fcgeln? Wer oder was m\u00f6chtest du sein? Was genau erreichen?  In dir steckt mehr als du denkst. Lerne dich selbst besser kennen und die innere Macht in dir.  Entfessele dein volles Potenzial und f\u00fchle dich frei, du selbst zu sein.<\/p>\n","protected":false},"featured_media":9582,"comment_status":"open","ping_status":"open","template":"","meta":[],"product_brand":[],"product_cat":[231],"product_tag":[],"class_list":{"0":"post-9580","1":"product","2":"type-product","3":"status-publish","4":"has-post-thumbnail","6":"product_cat-literatur","7":"product_shipping_class-paket","8":"post-wrapper","9":"thrv_wrapper","11":"first","12":"instock","13":"taxable","14":"shipping-taxable","15":"purchasable","16":"product-type-simple"},"jetpack_sharing_enabled":true,"_links":{"self":[{"href":"https:\/\/www.ina-wissmann.de\/shop\/wp-json\/wp\/v2\/product\/9580","targetHints":{"allow":["GET"]}}],"collection":[{"href":"https:\/\/www.ina-wissmann.de\/shop\/wp-json\/wp\/v2\/product"}],"about":[{"href":"https:\/\/www.ina-wissmann.de\/shop\/wp-json\/wp\/v2\/types\/product"}],"replies":[{"embeddable":true,"href":"https:\/\/www.ina-wissmann.de\/shop\/wp-json\/wp\/v2\/comments?post=9580"}],"wp:featuredmedia":[{"embeddable":true,"href":"https:\/\/www.ina-wissmann.de\/shop\/wp-json\/wp\/v2\/media\/9582"}],"wp:attachment":[{"href":"https:\/\/www.ina-wissmann.de\/shop\/wp-json\/wp\/v2\/media?parent=9580"}],"wp:term":[{"taxonomy":"product_brand","embeddable":true,"href":"https:\/\/www.ina-wissmann.de\/shop\/wp-json\/wp\/v2\/product_brand?post=9580"},{"taxonomy":"product_cat","embeddable":true,"href":"https:\/\/www.ina-wissmann.de\/shop\/wp-json\/wp\/v2\/product_cat?post=9580"},{"taxonomy":"product_tag","embeddable":true,"href":"https:\/\/www.ina-wissmann.de\/shop\/wp-json\/wp\/v2\/product_tag?post=9580"}],"curies":[{"name":"wp","href":"https:\/\/api.w.org\/{rel}","templated":true}]}}