{"id":9243,"date":"2022-04-27T17:12:29","date_gmt":"2022-04-27T15:12:29","guid":{"rendered":"https:\/\/www.ina-wissmann.de\/shop\/produkt\/clone-of-fluoritspitze-poliert-verschiedene-varianten\/"},"modified":"2025-12-20T15:11:16","modified_gmt":"2025-12-20T14:11:16","slug":"wasserachat","status":"publish","type":"product","link":"https:\/\/www.ina-wissmann.de\/shop\/produkt\/wasserachat\/","title":{"rendered":"Wasserachat &#8211; Enhydro Trommelstein &#8211; verschiedene Varianten"},"content":{"rendered":"<p>Wasserachat, Enhydro getrommelt in verschiedenen Gr\u00f6\u00dfen<\/p>\n","protected":false},"excerpt":{"rendered":"<p>Wasserachat, Enhydro als Trommelstein in verschiedenen Gr\u00f6\u00dfen. Ein mit Urwasser gef\u00fcllter Achat<br \/>\nWasserachate gelten als gute Schwangerschaftsschutzsteine. Sie stehen f\u00fcr Entwicklung und Wachstum.<br \/>\nDie Artikeldetails findest du beim jeweiligen Artikel. Dort kannst du einen Stein ausw\u00e4hlen. Es sind alles Einzelst\u00fccke. Du bekommst genau den Stein, den du auf dem Bild siehst, wenn du einen Preis in den Optionen ausw\u00e4hlst. Deshalb ist auch jeder nur einmal vorhanden!<\/p>\n","protected":false},"featured_media":11750,"comment_status":"open","ping_status":"closed","template":"","meta":[],"product_brand":[],"product_cat":[263,182,329,262,636,189,305,317,633,638,655],"product_tag":[],"class_list":{"0":"post-9243","1":"product","2":"type-product","3":"status-publish","4":"has-post-thumbnail","6":"product_cat-edelsteine-a-z","7":"product_cat-braun","8":"product_cat-braune-heilsteine","9":"product_cat-edelsteine","10":"product_cat-edelsteine-nach-farben","11":"product_cat-handschmeichler-braun","12":"product_cat-heilsteine","13":"product_cat-heilsteine-nach-farben","14":"product_cat-steine-mit-a","15":"product_cat-steine-mit-e","16":"product_cat-steine-mit-w","17":"post-wrapper","18":"thrv_wrapper","20":"first","21":"instock","22":"taxable","23":"shipping-taxable","24":"purchasable","25":"product-type-variable"},"jetpack_sharing_enabled":true,"_links":{"self":[{"href":"https:\/\/www.ina-wissmann.de\/shop\/wp-json\/wp\/v2\/product\/9243","targetHints":{"allow":["GET"]}}],"collection":[{"href":"https:\/\/www.ina-wissmann.de\/shop\/wp-json\/wp\/v2\/product"}],"about":[{"href":"https:\/\/www.ina-wissmann.de\/shop\/wp-json\/wp\/v2\/types\/product"}],"replies":[{"embeddable":true,"href":"https:\/\/www.ina-wissmann.de\/shop\/wp-json\/wp\/v2\/comments?post=9243"}],"wp:featuredmedia":[{"embeddable":true,"href":"https:\/\/www.ina-wissmann.de\/shop\/wp-json\/wp\/v2\/media\/11750"}],"wp:attachment":[{"href":"https:\/\/www.ina-wissmann.de\/shop\/wp-json\/wp\/v2\/media?parent=9243"}],"wp:term":[{"taxonomy":"product_brand","embeddable":true,"href":"https:\/\/www.ina-wissmann.de\/shop\/wp-json\/wp\/v2\/product_brand?post=9243"},{"taxonomy":"product_cat","embeddable":true,"href":"https:\/\/www.ina-wissmann.de\/shop\/wp-json\/wp\/v2\/product_cat?post=9243"},{"taxonomy":"product_tag","embeddable":true,"href":"https:\/\/www.ina-wissmann.de\/shop\/wp-json\/wp\/v2\/product_tag?post=9243"}],"curies":[{"name":"wp","href":"https:\/\/api.w.org\/{rel}","templated":true}]}}