{"id":8689,"date":"2024-11-21T15:56:10","date_gmt":"2024-11-21T14:56:10","guid":{"rendered":"https:\/\/www.ina-wissmann.de\/shop\/?post_type=product&#038;p=8689"},"modified":"2024-12-13T16:41:01","modified_gmt":"2024-12-13T15:41:01","slug":"raeucher-und-duftoelofen-goettin-handarbeit-rot","status":"publish","type":"product","link":"https:\/\/www.ina-wissmann.de\/shop\/produkt\/raeucher-und-duftoelofen-goettin-handarbeit-rot\/","title":{"rendered":"R\u00e4ucher- und Duft\u00f6lofen \u201eG\u00f6ttin\u201c, Handarbeit, rot"},"content":{"rendered":"<h4>Herkunft:<\/h4>\n<p> Untersberg, Bayern, Deutschland <\/p>\n<h4>Lieferumfang:<\/h4>\n<p> R\u00e4ucher- und Duft\u00f6lofen \u201eG\u00f6ttin\u201c in rot inkl. Edelstahl-R\u00e4uchersieb 90 mm, R\u00e4uchersand, Teelicht und Duft\u00f6lsch\u00e4lchen f\u00fcr \u00e4therische \u00d6le Die G\u00f6ttin-R\u00e4ucher- und Duft\u00f6l-\u00d6fen sind handget\u00f6pfert und gebrannt aus Steinzeug. Jeder G\u00f6ttinnenofen ist ein Unikat. <\/p>\n<h4>Gr\u00f6\u00dfe &amp; Gewicht:<\/h4>\n<ul>\n<li>Durchmesser: ca. 10 cm<\/li>\n<li>Gesamth\u00f6he: ca. 17 cm<\/li>\n<\/ul>\n<p> &nbsp; <\/p>\n<p style=text-align: left;><em><img class=size-full wp-image-8591 alignleft src=https:\/\/www.ina-wissmann.de\/shop\/wp-content\/uploads\/2021\/11\/Rauhnacht-Bild-rund.jpg alt= width=250 height=250 \/><\/em>Zum angenehmen und problemlosen Verglimmen aromatischer Naturprodukte \u00fcber einem Teelicht, nach dem Prinzip der Aromalampe.<\/p>\n","protected":false},"excerpt":{"rendered":"<h3>Beschreibung:<\/h3>\n<p> R\u00e4ucher- und Duft\u00f6lofen \u201eG\u00f6ttin\u201c zum angenehmen und problemlosen Verglimmen aromatischer Naturprodukte \u00fcber einem Teelicht, nach dem Prinzip der Aromalampe in verschiedenen Farben.  Die G\u00f6ttinnen-R\u00e4ucher- und Duft\u00f6l-\u00d6fen sind handget\u00f6pfert und gebrannt aus Steinzeug. Jedes G\u00f6ttinnen-R\u00e4ucherst\u00f6vchen ist ein Unikat. Die Form der G\u00f6ttin wird nach dem Vorbild aus dem Fund der Venus von Willendorf in Handarbeit St\u00fcck f\u00fcr St\u00fcck liebevollst von der K\u00fcnstlerin Gabriele angefertigt.  Mit diesem R\u00e4ucher- und Duft\u00f6l-Ofen kannst du im Ritual deine Weiblichkeit, die G\u00f6ttin in dir, wiederfinden. Die G\u00f6ttin befl\u00fcgelt deine Kreativit\u00e4t und weibliche Ausdruckskraft.  Die f\u00fcnf Farben symbolisieren die Elemente des keltischen Medizinrades. Gr\u00fcn = Erde, gelb-orange = Luft, rot = Feuer, t\u00fcrkis = Wasser, wei\u00df = Spirit. Da die Produktion eingestellt wird, ist nur noch ein rotes Exemplar vorhanden &#8211; diese R\u00e4ucher\u00f6fen werden nicht mehr hergestellt)  So kannst du dich rituell im Medizinrad mit der Kraft der gro\u00dfen Mutterg\u00f6ttin verbinden.<\/p>\n","protected":false},"featured_media":8699,"comment_status":"open","ping_status":"open","template":"","meta":[],"product_brand":[],"product_cat":[232],"product_tag":[],"class_list":{"0":"post-8689","1":"product","2":"type-product","3":"status-publish","4":"has-post-thumbnail","6":"product_cat-raeucherwerk","7":"product_shipping_class-paket","8":"post-wrapper","9":"thrv_wrapper","11":"first","12":"instock","13":"taxable","14":"shipping-taxable","15":"purchasable","16":"product-type-simple"},"jetpack_sharing_enabled":true,"_links":{"self":[{"href":"https:\/\/www.ina-wissmann.de\/shop\/wp-json\/wp\/v2\/product\/8689","targetHints":{"allow":["GET"]}}],"collection":[{"href":"https:\/\/www.ina-wissmann.de\/shop\/wp-json\/wp\/v2\/product"}],"about":[{"href":"https:\/\/www.ina-wissmann.de\/shop\/wp-json\/wp\/v2\/types\/product"}],"replies":[{"embeddable":true,"href":"https:\/\/www.ina-wissmann.de\/shop\/wp-json\/wp\/v2\/comments?post=8689"}],"wp:featuredmedia":[{"embeddable":true,"href":"https:\/\/www.ina-wissmann.de\/shop\/wp-json\/wp\/v2\/media\/8699"}],"wp:attachment":[{"href":"https:\/\/www.ina-wissmann.de\/shop\/wp-json\/wp\/v2\/media?parent=8689"}],"wp:term":[{"taxonomy":"product_brand","embeddable":true,"href":"https:\/\/www.ina-wissmann.de\/shop\/wp-json\/wp\/v2\/product_brand?post=8689"},{"taxonomy":"product_cat","embeddable":true,"href":"https:\/\/www.ina-wissmann.de\/shop\/wp-json\/wp\/v2\/product_cat?post=8689"},{"taxonomy":"product_tag","embeddable":true,"href":"https:\/\/www.ina-wissmann.de\/shop\/wp-json\/wp\/v2\/product_tag?post=8689"}],"curies":[{"name":"wp","href":"https:\/\/api.w.org\/{rel}","templated":true}]}}