{"id":7875,"date":"2024-11-21T15:55:19","date_gmt":"2024-11-21T14:55:19","guid":{"rendered":"https:\/\/www.ina-wissmann.de\/shop\/?post_type=product&#038;p=7875"},"modified":"2025-03-02T15:28:25","modified_gmt":"2025-03-02T14:28:25","slug":"massagematte-aus-bergkristall","status":"publish","type":"product","link":"https:\/\/www.ina-wissmann.de\/shop\/produkt\/massagematte-aus-bergkristall\/","title":{"rendered":"Massagematte aus Bergkristall"},"content":{"rendered":"<p>Bergkristall Massagepad f\u00fcr einfache, sehr angenehme K\u00f6rpermassage  Bergkristall steht f\u00fcr Klarheit &amp; Neutralit\u00e4t. Ein Bergkristall st\u00e4rkt und gibt Energie. In der Meditation eingesetzt oder auch bei dir getragen kl\u00e4rt er den Geist. Er verbessert die Wahrnehmung und st\u00e4rkt den Energieflu\u00df.  &nbsp;<\/p>\n","protected":false},"excerpt":{"rendered":"<p>Handliches Massagepad aus Bergkristall  Mit Bergkristall lassen sich K\u00f6rperpartien gut k\u00fchlend massieren und mit neuer Energie versorgen. Die Gef\u00fchls\u00e4u\u00dferungen reichen von angenehm entspannend bis G\u00e4nsehautfeeling. Ob am R\u00fccken oder einfach Arme und Beine angenehm massiert, mit dieser Massagematte ist es eine reine Wohltat.  Das Pad besteht aus in Deutschland handgekn\u00fcpften Edelsteinkugeln mit 8mm Durchmesser. Die Gesamtgr\u00f6\u00dfe betr\u00e4gt 10x10cm, eine gute Gr\u00f6\u00dfe, die direkt sicher zur Massage in der Hand liegt.  Sie eignet sich auch zur Selbstmassage f\u00fcr Arme und Beine. Ein Ganzk\u00f6rper-G\u00e4nsehautfeeling ist vorprogrammiert.<\/p>\n","protected":false},"featured_media":7869,"comment_status":"open","ping_status":"open","template":"","meta":[],"product_brand":[],"product_cat":[262,263,337,271,305,317,302,281,172],"product_tag":[],"class_list":{"0":"post-7875","1":"product","2":"type-product","3":"status-publish","4":"has-post-thumbnail","6":"product_cat-edelsteine","7":"product_cat-edelsteine-a-z","8":"product_cat-energie-intuition","9":"product_cat-geburtssteine","10":"product_cat-heilsteine","11":"product_cat-heilsteine-nach-farben","12":"product_cat-massagepads","13":"product_cat-steinbock-22-12-20-01","14":"product_cat-transparent","15":"product_shipping_class-paket","16":"post-wrapper","17":"thrv_wrapper","19":"first","20":"instock","21":"taxable","22":"shipping-taxable","23":"purchasable","24":"product-type-simple"},"jetpack_sharing_enabled":true,"_links":{"self":[{"href":"https:\/\/www.ina-wissmann.de\/shop\/wp-json\/wp\/v2\/product\/7875","targetHints":{"allow":["GET"]}}],"collection":[{"href":"https:\/\/www.ina-wissmann.de\/shop\/wp-json\/wp\/v2\/product"}],"about":[{"href":"https:\/\/www.ina-wissmann.de\/shop\/wp-json\/wp\/v2\/types\/product"}],"replies":[{"embeddable":true,"href":"https:\/\/www.ina-wissmann.de\/shop\/wp-json\/wp\/v2\/comments?post=7875"}],"wp:featuredmedia":[{"embeddable":true,"href":"https:\/\/www.ina-wissmann.de\/shop\/wp-json\/wp\/v2\/media\/7869"}],"wp:attachment":[{"href":"https:\/\/www.ina-wissmann.de\/shop\/wp-json\/wp\/v2\/media?parent=7875"}],"wp:term":[{"taxonomy":"product_brand","embeddable":true,"href":"https:\/\/www.ina-wissmann.de\/shop\/wp-json\/wp\/v2\/product_brand?post=7875"},{"taxonomy":"product_cat","embeddable":true,"href":"https:\/\/www.ina-wissmann.de\/shop\/wp-json\/wp\/v2\/product_cat?post=7875"},{"taxonomy":"product_tag","embeddable":true,"href":"https:\/\/www.ina-wissmann.de\/shop\/wp-json\/wp\/v2\/product_tag?post=7875"}],"curies":[{"name":"wp","href":"https:\/\/api.w.org\/{rel}","templated":true}]}}