{"id":7163,"date":"2024-11-21T15:51:36","date_gmt":"2024-11-21T14:51:36","guid":{"rendered":"https:\/\/www.ina-wissmann.de\/shop\/?post_type=product&#038;p=7163"},"modified":"2025-08-15T10:30:38","modified_gmt":"2025-08-15T08:30:38","slug":"armband-aus-schwarzem-turmalin-schoerl-8mm-kugeln","status":"publish","type":"product","link":"https:\/\/www.ina-wissmann.de\/shop\/produkt\/armband-aus-schwarzem-turmalin-schoerl-8mm-kugeln\/","title":{"rendered":"Armband aus schwarzem Turmalin (Sch\u00f6rl), 8mm Kugeln"},"content":{"rendered":"<p>Turmalinarmband, Sch\u00f6rl, 8mm Kugeln<\/p>\n","protected":false},"excerpt":{"rendered":"<p>Turmalin Armband, Sch\u00f6rl, 8mm Kugeln Schwarzer Turmalin gibt dir Schutz vor energetischen Angriffen und Fremdeinfl\u00fcssen. Soll vor Elektrosmog sch\u00fctzen. Ma\u00dfe: ca. 13g, 21 cm lang<\/p>\n","protected":false},"featured_media":6671,"comment_status":"open","ping_status":"closed","template":"","meta":[],"product_brand":[],"product_cat":[690,701,767,327,281,282],"product_tag":[],"class_list":{"0":"post-7163","1":"product","2":"type-product","3":"status-publish","4":"has-post-thumbnail","6":"product_cat-armbaender","7":"product_cat-bestseller","8":"product_cat-schutz-stabilitaet","9":"product_cat-schwarze-heilsteine","10":"product_cat-steinbock-22-12-20-01","11":"product_cat-zwilling-21-05-21-06","12":"product_shipping_class-paket","13":"post-wrapper","14":"thrv_wrapper","16":"first","17":"instock","18":"taxable","19":"shipping-taxable","20":"purchasable","21":"product-type-simple"},"jetpack_sharing_enabled":true,"_links":{"self":[{"href":"https:\/\/www.ina-wissmann.de\/shop\/wp-json\/wp\/v2\/product\/7163","targetHints":{"allow":["GET"]}}],"collection":[{"href":"https:\/\/www.ina-wissmann.de\/shop\/wp-json\/wp\/v2\/product"}],"about":[{"href":"https:\/\/www.ina-wissmann.de\/shop\/wp-json\/wp\/v2\/types\/product"}],"replies":[{"embeddable":true,"href":"https:\/\/www.ina-wissmann.de\/shop\/wp-json\/wp\/v2\/comments?post=7163"}],"wp:featuredmedia":[{"embeddable":true,"href":"https:\/\/www.ina-wissmann.de\/shop\/wp-json\/wp\/v2\/media\/6671"}],"wp:attachment":[{"href":"https:\/\/www.ina-wissmann.de\/shop\/wp-json\/wp\/v2\/media?parent=7163"}],"wp:term":[{"taxonomy":"product_brand","embeddable":true,"href":"https:\/\/www.ina-wissmann.de\/shop\/wp-json\/wp\/v2\/product_brand?post=7163"},{"taxonomy":"product_cat","embeddable":true,"href":"https:\/\/www.ina-wissmann.de\/shop\/wp-json\/wp\/v2\/product_cat?post=7163"},{"taxonomy":"product_tag","embeddable":true,"href":"https:\/\/www.ina-wissmann.de\/shop\/wp-json\/wp\/v2\/product_tag?post=7163"}],"curies":[{"name":"wp","href":"https:\/\/api.w.org\/{rel}","templated":true}]}}