{"id":7109,"date":"2024-11-21T15:51:04","date_gmt":"2024-11-21T14:51:04","guid":{"rendered":"https:\/\/www.ina-wissmann.de\/shop\/?post_type=product&#038;p=7109"},"modified":"2025-10-31T21:25:24","modified_gmt":"2025-10-31T20:25:24","slug":"amethyst-anhaenger-in-engelform-gr-l-3cm-mit-stiftoese-und-grusskarte","status":"publish","type":"product","link":"https:\/\/www.ina-wissmann.de\/shop\/produkt\/amethyst-anhaenger-in-engelform-gr-l-3cm-mit-stiftoese-und-grusskarte\/","title":{"rendered":"Amethyst Anh\u00e4nger in Engelform Gr.L 3cm mit Stift\u00f6se und Gru\u00dfkarte"},"content":{"rendered":"<p>Amethystanh\u00e4nger in Engelform mit Gru\u00dfkarte, der Engel der Aufmerksamkeit<\/p>\n","protected":false},"excerpt":{"rendered":"<p>Traumhaft sch\u00f6ner, violetter Amethystengel. Amethyst steht f\u00fcr innere Ruhe und Gelassenheit und f\u00f6rdert die Harmonie in deinem Leben. Ma\u00dfe: ca. 8g, 3cm gro\u00df mit Stift\u00f6se Silber<\/p>\n","protected":false},"featured_media":6597,"comment_status":"open","ping_status":"open","template":"","meta":[],"product_brand":[],"product_cat":[179,262,263,275,271,305,317],"product_tag":[],"class_list":{"0":"post-7109","1":"product","2":"type-product","3":"status-publish","4":"has-post-thumbnail","6":"product_cat-blau","7":"product_cat-edelsteine","8":"product_cat-edelsteine-a-z","9":"product_cat-fische-20-02-20-03","10":"product_cat-geburtssteine","11":"product_cat-heilsteine","12":"product_cat-heilsteine-nach-farben","13":"product_shipping_class-paket","14":"post-wrapper","15":"thrv_wrapper","17":"first","18":"instock","19":"taxable","20":"shipping-taxable","21":"purchasable","22":"product-type-simple"},"jetpack_sharing_enabled":true,"_links":{"self":[{"href":"https:\/\/www.ina-wissmann.de\/shop\/wp-json\/wp\/v2\/product\/7109","targetHints":{"allow":["GET"]}}],"collection":[{"href":"https:\/\/www.ina-wissmann.de\/shop\/wp-json\/wp\/v2\/product"}],"about":[{"href":"https:\/\/www.ina-wissmann.de\/shop\/wp-json\/wp\/v2\/types\/product"}],"replies":[{"embeddable":true,"href":"https:\/\/www.ina-wissmann.de\/shop\/wp-json\/wp\/v2\/comments?post=7109"}],"wp:featuredmedia":[{"embeddable":true,"href":"https:\/\/www.ina-wissmann.de\/shop\/wp-json\/wp\/v2\/media\/6597"}],"wp:attachment":[{"href":"https:\/\/www.ina-wissmann.de\/shop\/wp-json\/wp\/v2\/media?parent=7109"}],"wp:term":[{"taxonomy":"product_brand","embeddable":true,"href":"https:\/\/www.ina-wissmann.de\/shop\/wp-json\/wp\/v2\/product_brand?post=7109"},{"taxonomy":"product_cat","embeddable":true,"href":"https:\/\/www.ina-wissmann.de\/shop\/wp-json\/wp\/v2\/product_cat?post=7109"},{"taxonomy":"product_tag","embeddable":true,"href":"https:\/\/www.ina-wissmann.de\/shop\/wp-json\/wp\/v2\/product_tag?post=7109"}],"curies":[{"name":"wp","href":"https:\/\/api.w.org\/{rel}","templated":true}]}}