{"id":7077,"date":"2024-11-21T15:55:19","date_gmt":"2024-11-21T14:55:19","guid":{"rendered":"https:\/\/www.ina-wissmann.de\/shop\/?post_type=product&#038;p=7077"},"modified":"2025-03-02T15:28:23","modified_gmt":"2025-03-02T14:28:23","slug":"mini-doppelender-elestial-skelettquarz-aus-dem-himalaya-mit-kleinen-turmalineinschluessen-und-regenboegen","status":"publish","type":"product","link":"https:\/\/www.ina-wissmann.de\/shop\/produkt\/mini-doppelender-elestial-skelettquarz-aus-dem-himalaya-mit-kleinen-turmalineinschluessen-und-regenboegen\/","title":{"rendered":"Mini-Doppelender Elestial, Skelettquarz aus dem Himalaya mit kleinen Turmalineinschl\u00fcssen und Regenb\u00f6gen"},"content":{"rendered":"<p>Regenbogenharmoniequarz<\/p>\n","protected":false},"excerpt":{"rendered":"<p>H\u00fcbsche, kleine Kristalle aus dem Himalaya mit kleinen Turmalineinschl\u00fcssen, als doppelendiger Bergrkistall, Skelettquarz \/ Elestial aus dem Himalaya. Teilweise mit kleinen Regenbogeneinschl\u00fcssen, wie auf den Bildern zu erkennen.  Diese Kristalle unterst\u00fctzen die geistige Weiterentwicklung, die Klarheit in deinem Tun und f\u00f6rdern dein geistiges Urwissen. Sie bringen dich in dein urspr\u00fcngliches Vertrauen zur\u00fcck und f\u00f6rdern deine Entwicklung auf allen Ebenen. Bergkristalle stehen f\u00fcr Klarheit und Neutralit\u00e4t und bringen neue Energie. Ma\u00dfe: ca. 6-7g, 2,5-3cm gro\u00df Bei Bestellung erh\u00e4lst Du einen dieser abgebildeten Steine.<\/p>\n","protected":false},"featured_media":6555,"comment_status":"open","ping_status":"open","template":"","meta":[],"product_brand":[],"product_cat":[262,263,769,305,317,173,281,172],"product_tag":[],"class_list":{"0":"post-7077","1":"product","2":"type-product","3":"status-publish","4":"has-post-thumbnail","6":"product_cat-edelsteine","7":"product_cat-edelsteine-a-z","8":"product_cat-harmonie-entspannung","9":"product_cat-heilsteine","10":"product_cat-heilsteine-nach-farben","11":"product_cat-kristalle","12":"product_cat-steinbock-22-12-20-01","13":"product_cat-transparent","14":"product_shipping_class-paket","15":"post-wrapper","16":"thrv_wrapper","18":"first","19":"instock","20":"taxable","21":"shipping-taxable","22":"purchasable","23":"product-type-simple"},"jetpack_sharing_enabled":true,"_links":{"self":[{"href":"https:\/\/www.ina-wissmann.de\/shop\/wp-json\/wp\/v2\/product\/7077","targetHints":{"allow":["GET"]}}],"collection":[{"href":"https:\/\/www.ina-wissmann.de\/shop\/wp-json\/wp\/v2\/product"}],"about":[{"href":"https:\/\/www.ina-wissmann.de\/shop\/wp-json\/wp\/v2\/types\/product"}],"replies":[{"embeddable":true,"href":"https:\/\/www.ina-wissmann.de\/shop\/wp-json\/wp\/v2\/comments?post=7077"}],"wp:featuredmedia":[{"embeddable":true,"href":"https:\/\/www.ina-wissmann.de\/shop\/wp-json\/wp\/v2\/media\/6555"}],"wp:attachment":[{"href":"https:\/\/www.ina-wissmann.de\/shop\/wp-json\/wp\/v2\/media?parent=7077"}],"wp:term":[{"taxonomy":"product_brand","embeddable":true,"href":"https:\/\/www.ina-wissmann.de\/shop\/wp-json\/wp\/v2\/product_brand?post=7077"},{"taxonomy":"product_cat","embeddable":true,"href":"https:\/\/www.ina-wissmann.de\/shop\/wp-json\/wp\/v2\/product_cat?post=7077"},{"taxonomy":"product_tag","embeddable":true,"href":"https:\/\/www.ina-wissmann.de\/shop\/wp-json\/wp\/v2\/product_tag?post=7077"}],"curies":[{"name":"wp","href":"https:\/\/api.w.org\/{rel}","templated":true}]}}