{"id":6835,"date":"2024-11-21T15:55:36","date_gmt":"2024-11-21T14:55:36","guid":{"rendered":"https:\/\/www.ina-wissmann.de\/shop\/?post_type=product&#038;p=6835"},"modified":"2025-03-02T16:45:37","modified_gmt":"2025-03-02T15:45:37","slug":"moosachat-spitze-poliert-anhaenger-gr-l","status":"publish","type":"product","link":"https:\/\/www.ina-wissmann.de\/shop\/produkt\/moosachat-spitze-poliert-anhaenger-gr-l\/","title":{"rendered":"Moosachat-Spitze poliert, Anh\u00e4nger Gr. L"},"content":{"rendered":"<p>Moosachat-Spitze poliert als Anh\u00e4nger<\/p>\n","protected":false},"excerpt":{"rendered":"<p>Gr\u00fcner Moosachat als Spitze geschliffen und gebohrt f\u00fcr Lederband oder Silberkette. Moosachat ist ein gr\u00fcner Chalcedon. Er hilft Dir den Druck auf den Bronchien loszuwerden und unterst\u00fctzt die Genesung von Erk\u00e4ltungen. Gr\u00fcner Moosachat bringt alles in Fluss, damit nichts ins Stocken geraten kann. Er ist reinigend f\u00fcr das Gewebe und das Lymphsystem, vor allem in Bezug auf die Atemwege. Ma\u00dfe: ca. 9-11g, 4\u00d71 cm gro\u00df, Lieferung ohne abgebildetes Lederband Bei Bestellung bekommst du einen dieser Steine geliefert!<\/p>\n","protected":false},"featured_media":6096,"comment_status":"open","ping_status":"open","template":"","meta":[],"product_brand":[],"product_cat":[262,263,271,178,305,317,280,274,279,282],"product_tag":[],"class_list":{"0":"post-6835","1":"product","2":"type-product","3":"status-publish","4":"has-post-thumbnail","6":"product_cat-edelsteine","7":"product_cat-edelsteine-a-z","8":"product_cat-geburtssteine","9":"product_cat-gruen","10":"product_cat-heilsteine","11":"product_cat-heilsteine-nach-farben","12":"product_cat-jungfrau-24-08-23-09","13":"product_cat-skorpion-24-10-22-11","14":"product_cat-stier-21-04-20-05","15":"product_cat-zwilling-21-05-21-06","16":"product_shipping_class-paket","17":"post-wrapper","18":"thrv_wrapper","20":"first","21":"instock","22":"taxable","23":"shipping-taxable","24":"purchasable","25":"product-type-simple"},"jetpack_sharing_enabled":true,"_links":{"self":[{"href":"https:\/\/www.ina-wissmann.de\/shop\/wp-json\/wp\/v2\/product\/6835","targetHints":{"allow":["GET"]}}],"collection":[{"href":"https:\/\/www.ina-wissmann.de\/shop\/wp-json\/wp\/v2\/product"}],"about":[{"href":"https:\/\/www.ina-wissmann.de\/shop\/wp-json\/wp\/v2\/types\/product"}],"replies":[{"embeddable":true,"href":"https:\/\/www.ina-wissmann.de\/shop\/wp-json\/wp\/v2\/comments?post=6835"}],"wp:featuredmedia":[{"embeddable":true,"href":"https:\/\/www.ina-wissmann.de\/shop\/wp-json\/wp\/v2\/media\/6096"}],"wp:attachment":[{"href":"https:\/\/www.ina-wissmann.de\/shop\/wp-json\/wp\/v2\/media?parent=6835"}],"wp:term":[{"taxonomy":"product_brand","embeddable":true,"href":"https:\/\/www.ina-wissmann.de\/shop\/wp-json\/wp\/v2\/product_brand?post=6835"},{"taxonomy":"product_cat","embeddable":true,"href":"https:\/\/www.ina-wissmann.de\/shop\/wp-json\/wp\/v2\/product_cat?post=6835"},{"taxonomy":"product_tag","embeddable":true,"href":"https:\/\/www.ina-wissmann.de\/shop\/wp-json\/wp\/v2\/product_tag?post=6835"}],"curies":[{"name":"wp","href":"https:\/\/api.w.org\/{rel}","templated":true}]}}