{"id":6827,"date":"2024-11-21T15:55:36","date_gmt":"2024-11-21T14:55:36","guid":{"rendered":"https:\/\/www.ina-wissmann.de\/shop\/?post_type=product&#038;p=6827"},"modified":"2025-11-20T23:39:55","modified_gmt":"2025-11-20T22:39:55","slug":"opal-gruen-pistazienopal-trommelstein-gebohrt-gr-xl","status":"publish","type":"product","link":"https:\/\/www.ina-wissmann.de\/shop\/produkt\/opal-gruen-pistazienopal-trommelstein-gebohrt-gr-xl\/","title":{"rendered":"Opal gr\u00fcn &#8211; Pistazienopal &#8211; Trommelstein gebohrt Gr.XL"},"content":{"rendered":"<p>Pistazienopal gr\u00fcn gebohrt<\/p>\n","protected":false},"excerpt":{"rendered":"<p>Gr\u00fcner Opal, Pistazienopal &#8211; gebohrter Anh\u00e4nger f\u00fcrs Lederband. Der Pistazienopal bringt schnelle Erholung bei Ersch\u00f6pfung, vor allem nach Krankheiten. Er hilft, neue Lebensperspektiven zu erkennen. Ausleitende Organe werden vom gr\u00fcnen Pistazienopal gest\u00e4rkt und er f\u00f6rdert die Regeneration nach Krankheit. Ma\u00dfe: ca. 12g, 3\u00d72 cm gro\u00df, Lieferung ohne abgebildetes Lederband Bei Bestellung bekommst du einen \u00e4hnlichen Stein geliefert!<\/p>\n","protected":false},"featured_media":6113,"comment_status":"open","ping_status":"open","template":"","meta":[],"product_brand":[],"product_cat":[262,263,178,305,317],"product_tag":[],"class_list":{"0":"post-6827","1":"product","2":"type-product","3":"status-publish","4":"has-post-thumbnail","6":"product_cat-edelsteine","7":"product_cat-edelsteine-a-z","8":"product_cat-gruen","9":"product_cat-heilsteine","10":"product_cat-heilsteine-nach-farben","11":"product_shipping_class-paket","12":"post-wrapper","13":"thrv_wrapper","15":"first","16":"outofstock","17":"taxable","18":"shipping-taxable","19":"purchasable","20":"product-type-simple"},"jetpack_sharing_enabled":true,"_links":{"self":[{"href":"https:\/\/www.ina-wissmann.de\/shop\/wp-json\/wp\/v2\/product\/6827","targetHints":{"allow":["GET"]}}],"collection":[{"href":"https:\/\/www.ina-wissmann.de\/shop\/wp-json\/wp\/v2\/product"}],"about":[{"href":"https:\/\/www.ina-wissmann.de\/shop\/wp-json\/wp\/v2\/types\/product"}],"replies":[{"embeddable":true,"href":"https:\/\/www.ina-wissmann.de\/shop\/wp-json\/wp\/v2\/comments?post=6827"}],"wp:featuredmedia":[{"embeddable":true,"href":"https:\/\/www.ina-wissmann.de\/shop\/wp-json\/wp\/v2\/media\/6113"}],"wp:attachment":[{"href":"https:\/\/www.ina-wissmann.de\/shop\/wp-json\/wp\/v2\/media?parent=6827"}],"wp:term":[{"taxonomy":"product_brand","embeddable":true,"href":"https:\/\/www.ina-wissmann.de\/shop\/wp-json\/wp\/v2\/product_brand?post=6827"},{"taxonomy":"product_cat","embeddable":true,"href":"https:\/\/www.ina-wissmann.de\/shop\/wp-json\/wp\/v2\/product_cat?post=6827"},{"taxonomy":"product_tag","embeddable":true,"href":"https:\/\/www.ina-wissmann.de\/shop\/wp-json\/wp\/v2\/product_tag?post=6827"}],"curies":[{"name":"wp","href":"https:\/\/api.w.org\/{rel}","templated":true}]}}