{"id":5989,"date":"2024-11-21T15:52:35","date_gmt":"2024-11-21T14:52:35","guid":{"rendered":"https:\/\/www.ina-wissmann.de\/shop\/?post_type=product&#038;p=5989"},"modified":"2025-03-02T16:31:28","modified_gmt":"2025-03-02T15:31:28","slug":"chalcedon-blau-gebaendert-a-qualitaet-anhaenger-in-tropfenform-gr-l","status":"publish","type":"product","link":"https:\/\/www.ina-wissmann.de\/shop\/produkt\/chalcedon-blau-gebaendert-a-qualitaet-anhaenger-in-tropfenform-gr-l\/","title":{"rendered":"Chalcedon blau geb\u00e4ndert A-Qualit\u00e4t Anh\u00e4nger in Tropfenform Gr.L"},"content":{"rendered":"<p>Blau geb\u00e4nderter Chalcedon tropfenf\u00f6rmiger Anh\u00e4nger 3cm<\/p>\n","protected":false},"excerpt":{"rendered":"<p>Traumhaft sch\u00f6ner blau geb\u00e4nderter Chalcedon aus S\u00fcdafrika in wundervoller Qualit\u00e4t, ganz ohne braune Flecken Chalcedon ist aus fl\u00fcssiger Kiesels\u00e4ure entstanden. Er unterst\u00fctzt das Halschakra und wird auch der Rednerstein genannt. Wer Probleme beim Sprechen hat, auch vor Gruppen oder wenn es darum geht, Vortr\u00e4ge zu halten, sollte nicht ohne Chalcedon vor sein Publikum treten. Der blau geb\u00e4nderte Chalcedon f\u00f6rdert den Lymphfluss und ist \u00fcberall dort, wo Fl\u00fcssigkeiten stocken oder sich Oedeme bilden, gut als Massagestein sanft einsetzbar. ca. 3cm gro\u00df &#8211; Du bekommst beim Kauf einen der abgebildeten Steine!<\/p>\n","protected":false},"featured_media":10807,"comment_status":"open","ping_status":"open","template":"","meta":[],"product_brand":[],"product_cat":[179,262,263,305,317,377,282],"product_tag":[],"class_list":{"0":"post-5989","1":"product","2":"type-product","3":"status-publish","4":"has-post-thumbnail","6":"product_cat-blau","7":"product_cat-edelsteine","8":"product_cat-edelsteine-a-z","9":"product_cat-heilsteine","10":"product_cat-heilsteine-nach-farben","11":"product_cat-neu-im-shop","12":"product_cat-zwilling-21-05-21-06","13":"product_shipping_class-paket","14":"post-wrapper","15":"thrv_wrapper","17":"first","18":"instock","19":"taxable","20":"shipping-taxable","21":"purchasable","22":"product-type-simple"},"jetpack_sharing_enabled":true,"_links":{"self":[{"href":"https:\/\/www.ina-wissmann.de\/shop\/wp-json\/wp\/v2\/product\/5989","targetHints":{"allow":["GET"]}}],"collection":[{"href":"https:\/\/www.ina-wissmann.de\/shop\/wp-json\/wp\/v2\/product"}],"about":[{"href":"https:\/\/www.ina-wissmann.de\/shop\/wp-json\/wp\/v2\/types\/product"}],"replies":[{"embeddable":true,"href":"https:\/\/www.ina-wissmann.de\/shop\/wp-json\/wp\/v2\/comments?post=5989"}],"wp:featuredmedia":[{"embeddable":true,"href":"https:\/\/www.ina-wissmann.de\/shop\/wp-json\/wp\/v2\/media\/10807"}],"wp:attachment":[{"href":"https:\/\/www.ina-wissmann.de\/shop\/wp-json\/wp\/v2\/media?parent=5989"}],"wp:term":[{"taxonomy":"product_brand","embeddable":true,"href":"https:\/\/www.ina-wissmann.de\/shop\/wp-json\/wp\/v2\/product_brand?post=5989"},{"taxonomy":"product_cat","embeddable":true,"href":"https:\/\/www.ina-wissmann.de\/shop\/wp-json\/wp\/v2\/product_cat?post=5989"},{"taxonomy":"product_tag","embeddable":true,"href":"https:\/\/www.ina-wissmann.de\/shop\/wp-json\/wp\/v2\/product_tag?post=5989"}],"curies":[{"name":"wp","href":"https:\/\/api.w.org\/{rel}","templated":true}]}}