{"id":5938,"date":"2021-04-18T06:02:07","date_gmt":"2021-04-18T04:02:07","guid":{"rendered":"https:\/\/www.ina-wissmann.de\/shop\/?post_type=product&#038;p=5938"},"modified":"2025-03-02T16:37:44","modified_gmt":"2025-03-02T15:37:44","slug":"aquamarin-beryll-anhaenger-gebohrt","status":"publish","type":"product","link":"https:\/\/www.ina-wissmann.de\/shop\/produkt\/aquamarin-beryll-anhaenger-gebohrt\/","title":{"rendered":"Aquamarin (Beryll) Anh\u00e4nger gebohrt Gr. M-L"},"content":{"rendered":"<p>H\u00fcbsche kleine Aquamarin Anh\u00e4nger gebohrt f\u00fcrs Lederband<\/p>\n","protected":false},"excerpt":{"rendered":"<p>H\u00fcbsche hellblaue Berylle, Aquamarin-Anh\u00e4nger gebohrt<br \/>\nAquamarin lindert die Folgen von Allergien und Heuschnupfen, sollte daf\u00fcr schon ab Winter getragen werden.<br \/>\nEr f\u00f6rdert die Weitsicht im Leben und hilft, unerledigtes zu vollenden.<br \/>\nBeim Kauf bekommst du diesen abgebildeten Stein<br \/>\nca. 2-3cm gro\u00df<\/p>\n","protected":false},"featured_media":16011,"comment_status":"open","ping_status":"closed","template":"","meta":[],"product_brand":[],"product_cat":[185,179,318,262,263,636,275,271,272,697,305,317,633,282],"product_tag":[],"class_list":{"0":"post-5938","1":"product","2":"type-product","3":"status-publish","4":"has-post-thumbnail","6":"product_cat-anhaenger-blau","7":"product_cat-blau","8":"product_cat-blaue-heilsteine","9":"product_cat-edelsteine","10":"product_cat-edelsteine-a-z","11":"product_cat-edelsteine-nach-farben","12":"product_cat-fische-20-02-20-03","13":"product_cat-geburtssteine","14":"product_cat-geburtssteine-nach-sternzeichen","15":"product_cat-halschakra","16":"product_cat-heilsteine","17":"product_cat-heilsteine-nach-farben","18":"product_cat-steine-mit-a","19":"product_cat-zwilling-21-05-21-06","20":"product_shipping_class-paket","21":"post-wrapper","22":"thrv_wrapper","24":"first","25":"instock","26":"taxable","27":"shipping-taxable","28":"purchasable","29":"product-type-simple"},"jetpack_sharing_enabled":true,"_links":{"self":[{"href":"https:\/\/www.ina-wissmann.de\/shop\/wp-json\/wp\/v2\/product\/5938","targetHints":{"allow":["GET"]}}],"collection":[{"href":"https:\/\/www.ina-wissmann.de\/shop\/wp-json\/wp\/v2\/product"}],"about":[{"href":"https:\/\/www.ina-wissmann.de\/shop\/wp-json\/wp\/v2\/types\/product"}],"replies":[{"embeddable":true,"href":"https:\/\/www.ina-wissmann.de\/shop\/wp-json\/wp\/v2\/comments?post=5938"}],"wp:featuredmedia":[{"embeddable":true,"href":"https:\/\/www.ina-wissmann.de\/shop\/wp-json\/wp\/v2\/media\/16011"}],"wp:attachment":[{"href":"https:\/\/www.ina-wissmann.de\/shop\/wp-json\/wp\/v2\/media?parent=5938"}],"wp:term":[{"taxonomy":"product_brand","embeddable":true,"href":"https:\/\/www.ina-wissmann.de\/shop\/wp-json\/wp\/v2\/product_brand?post=5938"},{"taxonomy":"product_cat","embeddable":true,"href":"https:\/\/www.ina-wissmann.de\/shop\/wp-json\/wp\/v2\/product_cat?post=5938"},{"taxonomy":"product_tag","embeddable":true,"href":"https:\/\/www.ina-wissmann.de\/shop\/wp-json\/wp\/v2\/product_tag?post=5938"}],"curies":[{"name":"wp","href":"https:\/\/api.w.org\/{rel}","templated":true}]}}