{"id":3993,"date":"2020-09-02T10:30:21","date_gmt":"2020-09-02T08:30:21","guid":{"rendered":"https:\/\/ina-wissmann.de\/shop\/?post_type=product&#038;p=3993"},"modified":"2026-01-25T11:51:05","modified_gmt":"2026-01-25T10:51:05","slug":"dein-persoenliches-seelenoel-duftsitzung","status":"publish","type":"product","link":"https:\/\/www.ina-wissmann.de\/shop\/produkt\/dein-persoenliches-seelenoel-duftsitzung\/","title":{"rendered":"Dein pers\u00f6nlicher Seelenbalance-Duft &#8211; Einzigartig DU!"},"content":{"rendered":"<h2>Was ist der Seelenbalance-Duft?<\/h2>\n<p>Dein Seelenduft ist eine Duftkombination aus 9 Pflanzenhelfer-\u00d6len, die 100% Naturrein sind. Die \u00d6le sind im Enneagramm den Pers\u00f6nlichkeitstypen zugeordnet. F\u00fcr das \u00d6l werden jeweils 3 \u00d6le f\u00fcr K\u00f6rper, Gef\u00fchl und Herz ausgew\u00e4hlt. Mit dem \u00d6l bekommst du eine ausf\u00fchrliche Auswertung \u00fcber die Wirkungsfelder von mir. Damit kannst du schauen, ob du dein Potential, deine Seelenaufgabe bereits lebst oder wo das \u00d6l dich unterst\u00fctzen kann, in diese Richtung zu gehen.<\/p>\n<h2>Wozu kann ich den Seelenbalance-Duft nutzen?<\/h2>\n<p>Dein Seelenbalance\u00f6l unterst\u00fctzt dich dabei, Blockaden zu beseitigen und deine wahre Berufung zu leben. Es hilft dir, deine Seele von Belastungen zu befreien und in deine Kraft zu kommen. Daf\u00fcr kannst du es, je nach enthaltenen \u00d6len, als Parf\u00fcm benutzen oder in Duftlampe oder Vernebler als Raumduft verwenden. Damit umgibt dich der Duft den ganzen Tag. D\u00fcfte breiten ihre Wirkung direkt \u00fcber das limbische System aus und senden Impulse direkt ans Gehirn. Sie agieren suptil im Unbewussten, was mehr als 90% unseres Seins ausmacht. In unserem Bewusstsein befinden sich deutlich weniger Informationen. Damit arbeitet es unbewusst in dir und du nimmst die positive Wirkung sofort bei der Anwendung wahr. Das \u00d6l reift noch etwas nach und der Geruch verfeinert sich noch. Wenn das zum Herstellungszeitpunkt vorherrschende Thema erledigt ist, wirst du das \u00d6l nicht mehr ben\u00f6tigen, bzw. automatisch nicht mehr nutzen. Ist das Thema etwas hartn\u00e4ckiger, kannst du das \u00d6l auch in der Rezeptur nachbestellen.<\/p>\n<h2>Wie komme ich zu meinem pers\u00f6nlichen Seelenbalance-Duft?<\/h2>\n<p>F\u00fcr dein pers\u00f6nliches Duft\u00f6l vereinbarst du einen Termin mit mir und kommst entweder vorbei oder wir verabreden uns via Zoom-Chat, um die Bedingen zu besprechen.<br \/>\nWenn du zu weit weg wohnst, kannst ich dir die \u00d6le zum Schnuppern auch nach Hause schicken. Du riechst und bewertest sie dort nach meiner Anleitung (gern auch via Zoomchat gemeinsam).<br \/>\nDein Seelen\u00f6l kannst du also On- und Offline bekommen. Im pers\u00f6nlichen Termin kannst du es sofort mitnehmen. Wenn ich dir die \u00d6le zum Riechen zusende, dauert es etwas l\u00e4nger.<\/p>\n<h2>Wie l\u00e4uft so dein Seelenbalance-Duft-Termin ab?<\/h2>\n<h3>Die Offline-Variante<\/h3>\n<p>Du buchst dir nach Bestellung dieses Produktes <strong><a href=\"https:\/\/ina-wissmann.tucalendi.com\/kennenlerngespraech\/teilnehmerberatung\" target=\"_blank\" rel=\"noopener\">hier<\/a><\/strong> einen Termin und bekommst von mir eine Best\u00e4tigung per E-Mail mit allen weiteren Details und Anfahrtsskizze. Am Tag des Termins kommst du pers\u00f6nlich bei mir vorbei. Die n\u00e4chsten 2 Stunden geh\u00f6ren dann ausschlie\u00dflich dir und deinem Anliegen. Zum Einstimmen finden wir im Gespr\u00e4ch heraus, welche Energie du ben\u00f6tigst. Du bekommst du eine Kristall- und Klangmeditation von mir mit der passenden Edelstein-Auflage auf dem K\u00f6rper. Im Anschlu\u00df wenden wir uns den D\u00fcften zu. Du erschnupperst die unterschiedliche \u00d6le, die vorher in einem besonderen Verfahren ausgew\u00e4hlt werden. Daraus stellst du dir einen ganz pers\u00f6nliche Duftkomposition zusammen. Du versch\u00fcttelst den fertigen Duft dann in deinem Rhythmus und kannst ihn das erste Mal riechend wahrnehmen. Dann beenden wir den Termin mit einem kleinen Herzensritual und du nimmst deine neue Dufterfahrung mit dem Duft\u00f6l gleich mit nach Hause.<\/p>\n<h3>Die Online-Variante<\/h3>\n<p>Wir treffen uns via Zoom-Chat f\u00fcr das erste Gespr\u00e4ch und die Meditation. Die im Gespr\u00e4ch gefundenen Heilsteine schicke ich dir mit den \u00d6len, ebenso eine Audiodatei mit der Meditation, damit du sie zusammen mit der Steinauflage (nach Anleitung) zu Hause machen kannst. Anschlie\u00dfend leite ich dich an, wie du deine \u00d6le ausw\u00e4hlst. Die ausgew\u00e4hlten \u00d6le sende ich dir zur Duftprobe mit Fragebogen zum Ausf\u00fcllen nach Hause. Dort kannst du in Ruhe schnuppern und mir dann die \u00d6le mit dem ausgef\u00fcllten Bogen zur\u00fccksenden. Dein fertiges, von dir kreiertes Seelenbalance-Duft\u00f6l sende ich dir dann per Post zu. Die Ausarbeitung und Anwendungshinweise sende ich mit dem \u00d6l. Ein kleines Ritual f\u00fcrs Herz ist selbstverst\u00e4ndlich f\u00fcr den Prozess auch in deinem Paket.<\/p>\n<p>Schreib mir bei Bestellung einfach ins Kommentarfeld, wie du deinen Duft gerne h\u00e4ttest<\/p>\n<h2>Was genau bekommst du, wenn du den Seelenbalance-Duft bestellst?<\/h2>\n<p>Du bekommst eine 10ml Flasche mit deinem pers\u00f6nlichen \u00d6l. Du kannst es in \u00d6ldiffuser geben und als Raumduft nutzen, dran riechen, teilweise darin baden (Anleitung wird mitgeliefert) oder es wie dein Parf\u00fcm benutzen. Dazu kannst du es in einem RollOn verd\u00fcnnen.<\/p>\n<p>Ennearom-Seelen\u00f6l, pers\u00f6nlich nach deinen Duftempfindungen zusammengestellt aus 9 \u00d6len nach dem Enneagram.<\/p>\n<p>Mein duftes Model vom Photo ist nicht im Lieferumfang enthalten!<\/p>\n<p><img decoding=\"async\" class=\"size-full wp-image-7437 alignleft\" src=\"https:\/\/www.ina-wissmann.de\/shop\/wp-content\/uploads\/2020\/09\/Produkt-Tipp-Bild.png\" alt=\"\" width=\"200\" height=\"200\" srcset=\"https:\/\/www.ina-wissmann.de\/shop\/wp-content\/uploads\/2020\/09\/Produkt-Tipp-Bild.png 200w, https:\/\/www.ina-wissmann.de\/shop\/wp-content\/uploads\/2020\/09\/Produkt-Tipp-Bild-150x150.png 150w, https:\/\/www.ina-wissmann.de\/shop\/wp-content\/uploads\/2020\/09\/Produkt-Tipp-Bild-100x100.png 100w\" sizes=\"(max-width: 200px) 100vw, 200px\" \/><\/p>\n<p><em>Deinen Seelenduft kannst du jeden Tag in deinem Rhythmus versch\u00fctteln.<\/em><br \/>\n<em>Der Duft intensiviert sich und ver\u00e4ndert sich, bis dein Seelenthema erledigt ist<\/em><\/p>\n","protected":false},"excerpt":{"rendered":"<p>Stelle dir dein eigenes Seelenbalance\u00f6l zusammen und gleiche damit dein komplettes Energiesystem aus. Ja, so einfach, wie es sich anh\u00f6rt, ist es auch &#8211; aber in der Durchf\u00fchrung viel sch\u00f6ner, als so ein kurzer Satz! F\u00fcr mich eine Zeremonie, die Balsam f\u00fcr die Seele ist in einem Zeitfenster, dass nur dir geh\u00f6rt.<\/p>\n","protected":false},"featured_media":7436,"comment_status":"open","ping_status":"closed","template":"","meta":[],"product_brand":[],"product_cat":[701,377],"product_tag":[382,381],"class_list":{"0":"post-3993","1":"product","2":"type-product","3":"status-publish","4":"has-post-thumbnail","6":"product_cat-bestseller","7":"product_cat-neu-im-shop","8":"product_tag-seelenheilung","9":"product_tag-seelenoel","10":"product_shipping_class-paket","11":"post-wrapper","12":"thrv_wrapper","14":"first","15":"instock","16":"taxable","17":"shipping-taxable","18":"purchasable","19":"product-type-simple"},"jetpack_sharing_enabled":true,"_links":{"self":[{"href":"https:\/\/www.ina-wissmann.de\/shop\/wp-json\/wp\/v2\/product\/3993","targetHints":{"allow":["GET"]}}],"collection":[{"href":"https:\/\/www.ina-wissmann.de\/shop\/wp-json\/wp\/v2\/product"}],"about":[{"href":"https:\/\/www.ina-wissmann.de\/shop\/wp-json\/wp\/v2\/types\/product"}],"replies":[{"embeddable":true,"href":"https:\/\/www.ina-wissmann.de\/shop\/wp-json\/wp\/v2\/comments?post=3993"}],"wp:featuredmedia":[{"embeddable":true,"href":"https:\/\/www.ina-wissmann.de\/shop\/wp-json\/wp\/v2\/media\/7436"}],"wp:attachment":[{"href":"https:\/\/www.ina-wissmann.de\/shop\/wp-json\/wp\/v2\/media?parent=3993"}],"wp:term":[{"taxonomy":"product_brand","embeddable":true,"href":"https:\/\/www.ina-wissmann.de\/shop\/wp-json\/wp\/v2\/product_brand?post=3993"},{"taxonomy":"product_cat","embeddable":true,"href":"https:\/\/www.ina-wissmann.de\/shop\/wp-json\/wp\/v2\/product_cat?post=3993"},{"taxonomy":"product_tag","embeddable":true,"href":"https:\/\/www.ina-wissmann.de\/shop\/wp-json\/wp\/v2\/product_tag?post=3993"}],"curies":[{"name":"wp","href":"https:\/\/api.w.org\/{rel}","templated":true}]}}