{"id":3310,"date":"2024-11-21T15:14:10","date_gmt":"2024-11-21T14:14:10","guid":{"rendered":"https:\/\/ina-wissmann.de\/shop\/?post_type=product&#038;p=3310"},"modified":"2024-11-21T15:14:11","modified_gmt":"2024-11-21T14:14:11","slug":"achat-rosa-scheibenstein-beidseitig-poliert-aus-marokko-5","status":"publish","type":"product","link":"https:\/\/www.ina-wissmann.de\/shop\/produkt\/achat-rosa-scheibenstein-beidseitig-poliert-aus-marokko-5\/","title":{"rendered":"Achat rosa Scheibenstein beidseitig poliert aus Marokko"},"content":{"rendered":"<p>Achat rosa Scheibenstein<\/p>\n","protected":false},"excerpt":{"rendered":"<p>Wundersch\u00f6ner Achat in Form einer kleinen G\u00f6ttin, die Signatur bringt die Kreativit\u00e4t auf Hochtouren und l\u00e4sst die G\u00f6ttin sprechen. Rosafarbener Scheibenstein aus Marokko, beidseitig in Deutschland poliert  Achat vermittelt Ruhe, Schutz und Geborgenheit, gibt Stabilit\u00e4t Du bekommst beim Kauf genau den abgebildeten Stein Gr\u00f6\u00dfe und Gewicht pro St\u00fcck ca. 6x2cm; ca. 15g<\/p>\n","protected":false},"featured_media":5077,"comment_status":"open","ping_status":"open","template":"","meta":[],"product_brand":[],"product_cat":[262,263,271,305,317,221],"product_tag":[],"class_list":{"0":"post-3310","1":"product","2":"type-product","3":"status-publish","4":"has-post-thumbnail","6":"product_cat-edelsteine","7":"product_cat-edelsteine-a-z","8":"product_cat-geburtssteine","9":"product_cat-heilsteine","10":"product_cat-heilsteine-nach-farben","11":"product_cat-rosa","12":"product_shipping_class-paket","13":"post-wrapper","14":"thrv_wrapper","16":"first","17":"instock","18":"taxable","19":"shipping-taxable","20":"purchasable","21":"product-type-simple"},"jetpack_sharing_enabled":true,"_links":{"self":[{"href":"https:\/\/www.ina-wissmann.de\/shop\/wp-json\/wp\/v2\/product\/3310","targetHints":{"allow":["GET"]}}],"collection":[{"href":"https:\/\/www.ina-wissmann.de\/shop\/wp-json\/wp\/v2\/product"}],"about":[{"href":"https:\/\/www.ina-wissmann.de\/shop\/wp-json\/wp\/v2\/types\/product"}],"replies":[{"embeddable":true,"href":"https:\/\/www.ina-wissmann.de\/shop\/wp-json\/wp\/v2\/comments?post=3310"}],"wp:featuredmedia":[{"embeddable":true,"href":"https:\/\/www.ina-wissmann.de\/shop\/wp-json\/wp\/v2\/media\/5077"}],"wp:attachment":[{"href":"https:\/\/www.ina-wissmann.de\/shop\/wp-json\/wp\/v2\/media?parent=3310"}],"wp:term":[{"taxonomy":"product_brand","embeddable":true,"href":"https:\/\/www.ina-wissmann.de\/shop\/wp-json\/wp\/v2\/product_brand?post=3310"},{"taxonomy":"product_cat","embeddable":true,"href":"https:\/\/www.ina-wissmann.de\/shop\/wp-json\/wp\/v2\/product_cat?post=3310"},{"taxonomy":"product_tag","embeddable":true,"href":"https:\/\/www.ina-wissmann.de\/shop\/wp-json\/wp\/v2\/product_tag?post=3310"}],"curies":[{"name":"wp","href":"https:\/\/api.w.org\/{rel}","templated":true}]}}