{"id":3281,"date":"2020-05-12T12:59:08","date_gmt":"2020-05-12T10:59:08","guid":{"rendered":"https:\/\/ina-wissmann.de\/shop\/?post_type=product&#038;p=3281"},"modified":"2025-03-02T16:34:19","modified_gmt":"2025-03-02T15:34:19","slug":"fluorit-regenbogen-anhaenger-gebohrt","status":"publish","type":"product","link":"https:\/\/www.ina-wissmann.de\/shop\/produkt\/fluorit-regenbogen-anhaenger-gebohrt\/","title":{"rendered":"Fluorit Regenbogen Anh\u00e4nger gebohrt"},"content":{"rendered":"<p>Fluorit Regenbogen Anh\u00e4nger<\/p>\n","protected":false},"excerpt":{"rendered":"<p>Fluorit Regenbogen Anh\u00e4nger, gebohrt f\u00fcr Lederband oder Kette,<br \/>\nca. 3,8x3cm, 30g schwer &#8211; die Fluorite sind unterschiedlich gro\u00df<br \/>\nUnterst\u00fctzt die geistige Beweglichkeit und hilft Entscheidungen frei treffen zu k\u00f6nnen.<br \/>\nRegenbogenfluorit beruhigen die im Sternzeichen Fische geborenen im Element Wasser.<br \/>\nFluorit hilft beim Aufr\u00e4umen &#8211; geistig zur Konzentration aber auch ganz k\u00f6rperlich unterst\u00fctzt er, Ordnung zu halten.<\/p>\n","protected":false},"featured_media":6071,"comment_status":"open","ping_status":"closed","template":"","meta":[],"product_brand":[],"product_cat":[203,200,181,319,263,275,271,272,321,305,317,639,650,284],"product_tag":[],"class_list":{"0":"post-3281","1":"product","2":"type-product","3":"status-publish","4":"has-post-thumbnail","6":"product_cat-anhaenger-bunt","7":"product_cat-anhaenger-gruen","8":"product_cat-bunt","9":"product_cat-bunte-heilsteine","10":"product_cat-edelsteine-a-z","11":"product_cat-fische-20-02-20-03","12":"product_cat-geburtssteine","13":"product_cat-geburtssteine-nach-sternzeichen","14":"product_cat-gruene-heilsteine","15":"product_cat-heilsteine","16":"product_cat-heilsteine-nach-farben","17":"product_cat-steine-mit-f","18":"product_cat-steine-mit-r","19":"product_cat-wassermann-21-01-19-02","20":"product_shipping_class-paket","21":"post-wrapper","22":"thrv_wrapper","24":"first","25":"instock","26":"taxable","27":"shipping-taxable","28":"purchasable","29":"product-type-simple"},"jetpack_sharing_enabled":true,"_links":{"self":[{"href":"https:\/\/www.ina-wissmann.de\/shop\/wp-json\/wp\/v2\/product\/3281","targetHints":{"allow":["GET"]}}],"collection":[{"href":"https:\/\/www.ina-wissmann.de\/shop\/wp-json\/wp\/v2\/product"}],"about":[{"href":"https:\/\/www.ina-wissmann.de\/shop\/wp-json\/wp\/v2\/types\/product"}],"replies":[{"embeddable":true,"href":"https:\/\/www.ina-wissmann.de\/shop\/wp-json\/wp\/v2\/comments?post=3281"}],"wp:featuredmedia":[{"embeddable":true,"href":"https:\/\/www.ina-wissmann.de\/shop\/wp-json\/wp\/v2\/media\/6071"}],"wp:attachment":[{"href":"https:\/\/www.ina-wissmann.de\/shop\/wp-json\/wp\/v2\/media?parent=3281"}],"wp:term":[{"taxonomy":"product_brand","embeddable":true,"href":"https:\/\/www.ina-wissmann.de\/shop\/wp-json\/wp\/v2\/product_brand?post=3281"},{"taxonomy":"product_cat","embeddable":true,"href":"https:\/\/www.ina-wissmann.de\/shop\/wp-json\/wp\/v2\/product_cat?post=3281"},{"taxonomy":"product_tag","embeddable":true,"href":"https:\/\/www.ina-wissmann.de\/shop\/wp-json\/wp\/v2\/product_tag?post=3281"}],"curies":[{"name":"wp","href":"https:\/\/api.w.org\/{rel}","templated":true}]}}