{"id":3268,"date":"2024-11-21T15:51:04","date_gmt":"2024-11-21T14:51:04","guid":{"rendered":"https:\/\/ina-wissmann.de\/shop\/?post_type=product&#038;p=3268"},"modified":"2025-03-02T16:43:30","modified_gmt":"2025-03-02T15:43:30","slug":"amethyst-chevron-amethystquarz-jumbo-trommelstein-gr-xxl","status":"publish","type":"product","link":"https:\/\/www.ina-wissmann.de\/shop\/produkt\/amethyst-chevron-amethystquarz-jumbo-trommelstein-gr-xxl\/","title":{"rendered":"Amethyst Chevron (Amethystquarz) Jumbo Trommelstein Gr.XXL"},"content":{"rendered":"<p>Frieden &#8211; Gelassenheit &#8211; Entspannung<\/p>\n","protected":false},"excerpt":{"rendered":"<p>Amethyst Chevron (Amethystquarz) Jumbo Trommelstein Gr.XXL  Der Chevron-Amethyst unterst\u00fctzt die Aufl\u00f6sung von andauerndem Kummer, wirkt st\u00e4ndiger M\u00fcdigkeit entgegen.<\/p>\n","protected":false},"featured_media":416,"comment_status":"open","ping_status":"open","template":"","meta":[],"product_brand":[],"product_cat":[262,263,275,271,305,317,771,633,180,276],"product_tag":[],"class_list":{"0":"post-3268","1":"product","2":"type-product","3":"status-publish","4":"has-post-thumbnail","6":"product_cat-edelsteine","7":"product_cat-edelsteine-a-z","8":"product_cat-fische-20-02-20-03","9":"product_cat-geburtssteine","10":"product_cat-heilsteine","11":"product_cat-heilsteine-nach-farben","12":"product_cat-reinigung-klaerung","13":"product_cat-steine-mit-a","14":"product_cat-violett","15":"product_cat-widder-21-03-20-04","16":"product_shipping_class-paket","17":"post-wrapper","18":"thrv_wrapper","20":"first","21":"instock","22":"taxable","23":"shipping-taxable","24":"purchasable","25":"product-type-simple"},"jetpack_sharing_enabled":true,"_links":{"self":[{"href":"https:\/\/www.ina-wissmann.de\/shop\/wp-json\/wp\/v2\/product\/3268","targetHints":{"allow":["GET"]}}],"collection":[{"href":"https:\/\/www.ina-wissmann.de\/shop\/wp-json\/wp\/v2\/product"}],"about":[{"href":"https:\/\/www.ina-wissmann.de\/shop\/wp-json\/wp\/v2\/types\/product"}],"replies":[{"embeddable":true,"href":"https:\/\/www.ina-wissmann.de\/shop\/wp-json\/wp\/v2\/comments?post=3268"}],"wp:featuredmedia":[{"embeddable":true,"href":"https:\/\/www.ina-wissmann.de\/shop\/wp-json\/wp\/v2\/media\/416"}],"wp:attachment":[{"href":"https:\/\/www.ina-wissmann.de\/shop\/wp-json\/wp\/v2\/media?parent=3268"}],"wp:term":[{"taxonomy":"product_brand","embeddable":true,"href":"https:\/\/www.ina-wissmann.de\/shop\/wp-json\/wp\/v2\/product_brand?post=3268"},{"taxonomy":"product_cat","embeddable":true,"href":"https:\/\/www.ina-wissmann.de\/shop\/wp-json\/wp\/v2\/product_cat?post=3268"},{"taxonomy":"product_tag","embeddable":true,"href":"https:\/\/www.ina-wissmann.de\/shop\/wp-json\/wp\/v2\/product_tag?post=3268"}],"curies":[{"name":"wp","href":"https:\/\/api.w.org\/{rel}","templated":true}]}}