{"id":2033,"date":"2024-11-21T15:57:17","date_gmt":"2024-11-21T14:57:17","guid":{"rendered":"https:\/\/www.iwina.de\/?post_type=product&#038;p=2033"},"modified":"2026-04-22T16:37:06","modified_gmt":"2026-04-22T14:37:06","slug":"schwarzer-copal-pflanzenhelfer-30ml-raeucherwerk-in-pappdose","status":"publish","type":"product","link":"https:\/\/www.ina-wissmann.de\/shop\/produkt\/schwarzer-copal-pflanzenhelfer-30ml-raeucherwerk-in-pappdose\/","title":{"rendered":"Schwarzer Copal Pflanzenhelfer 30ml R\u00e4ucherwerk in Pappdose"},"content":{"rendered":"<h1>Schwarzer Copal Pflanzenhelfer 30ml R\u00e4ucherwerk in der Pappdose<\/h1>\n<p>100% naturreines, pflanzliches R\u00e4uchermaterial. Per Hand bearbeitet und mit Duftbotschaft und Pflanzenhelfer-Bild auf dem Etikett als besonderes energetisches Attribut.<\/p>\n<p>Schwarzer Copal &#8211; Bursera microphylla -Pfad durch die Nacht- \/ Elementarkraft: ERDE \/ Schwerpunkt: GEF\u00dcHL<\/p>\n<p>Der Schwarze Copal ist uns ein Begleiter durch die Nacht der dunklen Schatten, um sicheren Fu\u00dfes das dunkle Tal zu durchqueren. Er sorgt f\u00fcr einen Vorrat an Lichtkr\u00e4ften, um seelisch nicht zu verhungern und m\u00f6gliche Angriffe abzuwehren. So steht er f\u00fcr alle gro\u00dfen Ver\u00e4nderungsphasen, die oft schwierig sind, uns an die eigenen Grenzen f\u00fchren und uns viel Durchhalteverm\u00f6gen abverlangen.<\/p>\n<p>Aus -Die Pflanzenhelfer- \u00a9 Windpferd Verlag \/ Aitrang<\/p>\n","protected":false},"excerpt":{"rendered":"<p>Schwarzer Copal Pflanzenhelfer 30ml R\u00e4ucherwerk in der Pappdose<\/p>\n","protected":false},"featured_media":18043,"comment_status":"open","ping_status":"closed","template":"","meta":[],"product_brand":[],"product_cat":[232],"product_tag":[],"class_list":{"0":"post-2033","1":"product","2":"type-product","3":"status-publish","4":"has-post-thumbnail","6":"product_cat-raeucherwerk","7":"product_shipping_class-paket","8":"post-wrapper","9":"thrv_wrapper","11":"first","12":"instock","13":"taxable","14":"shipping-taxable","15":"purchasable","16":"product-type-simple"},"jetpack_sharing_enabled":true,"_links":{"self":[{"href":"https:\/\/www.ina-wissmann.de\/shop\/wp-json\/wp\/v2\/product\/2033","targetHints":{"allow":["GET"]}}],"collection":[{"href":"https:\/\/www.ina-wissmann.de\/shop\/wp-json\/wp\/v2\/product"}],"about":[{"href":"https:\/\/www.ina-wissmann.de\/shop\/wp-json\/wp\/v2\/types\/product"}],"replies":[{"embeddable":true,"href":"https:\/\/www.ina-wissmann.de\/shop\/wp-json\/wp\/v2\/comments?post=2033"}],"wp:featuredmedia":[{"embeddable":true,"href":"https:\/\/www.ina-wissmann.de\/shop\/wp-json\/wp\/v2\/media\/18043"}],"wp:attachment":[{"href":"https:\/\/www.ina-wissmann.de\/shop\/wp-json\/wp\/v2\/media?parent=2033"}],"wp:term":[{"taxonomy":"product_brand","embeddable":true,"href":"https:\/\/www.ina-wissmann.de\/shop\/wp-json\/wp\/v2\/product_brand?post=2033"},{"taxonomy":"product_cat","embeddable":true,"href":"https:\/\/www.ina-wissmann.de\/shop\/wp-json\/wp\/v2\/product_cat?post=2033"},{"taxonomy":"product_tag","embeddable":true,"href":"https:\/\/www.ina-wissmann.de\/shop\/wp-json\/wp\/v2\/product_tag?post=2033"}],"curies":[{"name":"wp","href":"https:\/\/api.w.org\/{rel}","templated":true}]}}