{"id":1626,"date":"2024-11-21T15:53:14","date_gmt":"2024-11-21T14:53:14","guid":{"rendered":"https:\/\/www.iwina.de\/?post_type=product&#038;p=1626"},"modified":"2025-03-02T16:40:47","modified_gmt":"2025-03-02T15:40:47","slug":"chrysopras-brasilien-trommelstein-gr-s","status":"publish","type":"product","link":"https:\/\/www.ina-wissmann.de\/shop\/produkt\/chrysopras-brasilien-trommelstein-gr-s\/","title":{"rendered":"Chrysopras Brasilien Trommelstein Gr.S"},"content":{"rendered":"<p>Chrysopras Trommelstein klein (Brasilien) ca. 2 cm gro\u00df, ca. 3-5g, st\u00e4rkt das Urvertrauen, unterst\u00fctzt die Leber in Entgiftungsprozessen, f\u00f6rdert Vertrauen und Geborgenheit (Du kaufst einen dieser Steine in der Qualit\u00e4t wie abgebildet, wenn Du diesen Artikel bestellst)<\/p>\n","protected":false},"excerpt":{"rendered":"<p>Chrysopras Trommelstein<\/p>\n","protected":false},"featured_media":1468,"comment_status":"open","ping_status":"open","template":"","meta":[],"product_brand":[],"product_cat":[262,263,275,271,178,321,305,317,280,283],"product_tag":[],"class_list":{"0":"post-1626","1":"product","2":"type-product","3":"status-publish","4":"has-post-thumbnail","6":"product_cat-edelsteine","7":"product_cat-edelsteine-a-z","8":"product_cat-fische-20-02-20-03","9":"product_cat-geburtssteine","10":"product_cat-gruen","11":"product_cat-gruene-heilsteine","12":"product_cat-heilsteine","13":"product_cat-heilsteine-nach-farben","14":"product_cat-jungfrau-24-08-23-09","15":"product_cat-waage-24-09-23-10","16":"product_shipping_class-paket","17":"post-wrapper","18":"thrv_wrapper","20":"first","21":"instock","22":"taxable","23":"shipping-taxable","24":"purchasable","25":"product-type-simple"},"jetpack_sharing_enabled":true,"_links":{"self":[{"href":"https:\/\/www.ina-wissmann.de\/shop\/wp-json\/wp\/v2\/product\/1626","targetHints":{"allow":["GET"]}}],"collection":[{"href":"https:\/\/www.ina-wissmann.de\/shop\/wp-json\/wp\/v2\/product"}],"about":[{"href":"https:\/\/www.ina-wissmann.de\/shop\/wp-json\/wp\/v2\/types\/product"}],"replies":[{"embeddable":true,"href":"https:\/\/www.ina-wissmann.de\/shop\/wp-json\/wp\/v2\/comments?post=1626"}],"wp:featuredmedia":[{"embeddable":true,"href":"https:\/\/www.ina-wissmann.de\/shop\/wp-json\/wp\/v2\/media\/1468"}],"wp:attachment":[{"href":"https:\/\/www.ina-wissmann.de\/shop\/wp-json\/wp\/v2\/media?parent=1626"}],"wp:term":[{"taxonomy":"product_brand","embeddable":true,"href":"https:\/\/www.ina-wissmann.de\/shop\/wp-json\/wp\/v2\/product_brand?post=1626"},{"taxonomy":"product_cat","embeddable":true,"href":"https:\/\/www.ina-wissmann.de\/shop\/wp-json\/wp\/v2\/product_cat?post=1626"},{"taxonomy":"product_tag","embeddable":true,"href":"https:\/\/www.ina-wissmann.de\/shop\/wp-json\/wp\/v2\/product_tag?post=1626"}],"curies":[{"name":"wp","href":"https:\/\/api.w.org\/{rel}","templated":true}]}}