{"id":1612,"date":"2024-11-21T15:58:40","date_gmt":"2024-11-21T14:58:40","guid":{"rendered":"https:\/\/www.iwina.de\/?post_type=product&#038;p=1612"},"modified":"2025-03-14T14:19:35","modified_gmt":"2025-03-14T13:19:35","slug":"turmalin-schwarz-schoerl-trommelstein-gr-l","status":"publish","type":"product","link":"https:\/\/www.ina-wissmann.de\/shop\/produkt\/turmalin-schwarz-schoerl-trommelstein-gr-l\/","title":{"rendered":"Turmalin schwarz Sch\u00f6rl Trommelstein Gr.L"},"content":{"rendered":"<p>Turmalin schwarz (Sch\u00f6rl genannt) Trommelstein ca. 3 cm gro\u00df Gr.L Nervenst\u00e4rke, lindert Stress, leitet zuviel an Energie ab, Neutralit\u00e4t, Schutz bei Fremdeinfl\u00fcssen und Elektrosmog (Du kaufst einen dieser Steine in der Qualit\u00e4t wie abgebildet, wenn Du diesen Artikel bestellst)<\/p>\n","protected":false},"excerpt":{"rendered":"<p>Turmalin schwarz Sch\u00f6rl Trommelstein<\/p>\n","protected":false},"featured_media":5647,"comment_status":"open","ping_status":"open","template":"","meta":[],"product_brand":[],"product_cat":[262,263,305,317,184,281,282],"product_tag":[],"class_list":{"0":"post-1612","1":"product","2":"type-product","3":"status-publish","4":"has-post-thumbnail","6":"product_cat-edelsteine","7":"product_cat-edelsteine-a-z","8":"product_cat-heilsteine","9":"product_cat-heilsteine-nach-farben","10":"product_cat-schwarz","11":"product_cat-steinbock-22-12-20-01","12":"product_cat-zwilling-21-05-21-06","13":"product_shipping_class-paket","14":"post-wrapper","15":"thrv_wrapper","17":"first","18":"instock","19":"taxable","20":"shipping-taxable","21":"purchasable","22":"product-type-simple"},"jetpack_sharing_enabled":true,"_links":{"self":[{"href":"https:\/\/www.ina-wissmann.de\/shop\/wp-json\/wp\/v2\/product\/1612","targetHints":{"allow":["GET"]}}],"collection":[{"href":"https:\/\/www.ina-wissmann.de\/shop\/wp-json\/wp\/v2\/product"}],"about":[{"href":"https:\/\/www.ina-wissmann.de\/shop\/wp-json\/wp\/v2\/types\/product"}],"replies":[{"embeddable":true,"href":"https:\/\/www.ina-wissmann.de\/shop\/wp-json\/wp\/v2\/comments?post=1612"}],"wp:featuredmedia":[{"embeddable":true,"href":"https:\/\/www.ina-wissmann.de\/shop\/wp-json\/wp\/v2\/media\/5647"}],"wp:attachment":[{"href":"https:\/\/www.ina-wissmann.de\/shop\/wp-json\/wp\/v2\/media?parent=1612"}],"wp:term":[{"taxonomy":"product_brand","embeddable":true,"href":"https:\/\/www.ina-wissmann.de\/shop\/wp-json\/wp\/v2\/product_brand?post=1612"},{"taxonomy":"product_cat","embeddable":true,"href":"https:\/\/www.ina-wissmann.de\/shop\/wp-json\/wp\/v2\/product_cat?post=1612"},{"taxonomy":"product_tag","embeddable":true,"href":"https:\/\/www.ina-wissmann.de\/shop\/wp-json\/wp\/v2\/product_tag?post=1612"}],"curies":[{"name":"wp","href":"https:\/\/api.w.org\/{rel}","templated":true}]}}