{"id":15486,"date":"2024-11-21T15:54:41","date_gmt":"2024-11-21T14:54:41","guid":{"rendered":"https:\/\/www.ina-wissmann.de\/shop\/produkt\/magnesit-anhaenger-poliert-gebohrt-gr-l\/"},"modified":"2024-12-13T16:40:34","modified_gmt":"2024-12-13T15:40:34","slug":"magnesit-anhaenger-poliert-gebohrt-gr-l","status":"publish","type":"product","link":"https:\/\/www.ina-wissmann.de\/shop\/produkt\/magnesit-anhaenger-poliert-gebohrt-gr-l\/","title":{"rendered":"Magnesit Anh\u00e4nger poliert gebohrt Gr.L"},"content":{"rendered":"<p>Magnesit Trommelstein   Entspannt bei Nervosit\u00e4t, Gereiztheit und Anspannung, unterst\u00fctzt die Muskulatur bei Kr\u00e4mpfen (Du kaufst einen dieser Steine in der Qualit\u00e4t wie abgebildet, wenn Du diesen Artikel bestellst)<\/p>\n","protected":false},"excerpt":{"rendered":"<p>Magnesit Trommelstein gebohrt als Anh\u00e4nger<\/p>\n","protected":false},"featured_media":0,"comment_status":"open","ping_status":"closed","template":"","meta":[],"product_brand":[],"product_cat":[262,263,759,769,305,317,174],"product_tag":[],"class_list":{"0":"post-15486","1":"product","2":"type-product","3":"status-publish","5":"product_cat-edelsteine","6":"product_cat-edelsteine-a-z","7":"product_cat-l","8":"product_cat-harmonie-entspannung","9":"product_cat-heilsteine","10":"product_cat-heilsteine-nach-farben","11":"product_cat-weiss","12":"product_shipping_class-paket","13":"post-wrapper","14":"thrv_wrapper","16":"first","17":"instock","18":"taxable","19":"shipping-taxable","20":"purchasable","21":"product-type-simple"},"jetpack_sharing_enabled":true,"_links":{"self":[{"href":"https:\/\/www.ina-wissmann.de\/shop\/wp-json\/wp\/v2\/product\/15486","targetHints":{"allow":["GET"]}}],"collection":[{"href":"https:\/\/www.ina-wissmann.de\/shop\/wp-json\/wp\/v2\/product"}],"about":[{"href":"https:\/\/www.ina-wissmann.de\/shop\/wp-json\/wp\/v2\/types\/product"}],"replies":[{"embeddable":true,"href":"https:\/\/www.ina-wissmann.de\/shop\/wp-json\/wp\/v2\/comments?post=15486"}],"wp:attachment":[{"href":"https:\/\/www.ina-wissmann.de\/shop\/wp-json\/wp\/v2\/media?parent=15486"}],"wp:term":[{"taxonomy":"product_brand","embeddable":true,"href":"https:\/\/www.ina-wissmann.de\/shop\/wp-json\/wp\/v2\/product_brand?post=15486"},{"taxonomy":"product_cat","embeddable":true,"href":"https:\/\/www.ina-wissmann.de\/shop\/wp-json\/wp\/v2\/product_cat?post=15486"},{"taxonomy":"product_tag","embeddable":true,"href":"https:\/\/www.ina-wissmann.de\/shop\/wp-json\/wp\/v2\/product_tag?post=15486"}],"curies":[{"name":"wp","href":"https:\/\/api.w.org\/{rel}","templated":true}]}}