{"id":15465,"date":"2024-11-21T15:53:58","date_gmt":"2024-11-21T14:53:58","guid":{"rendered":"https:\/\/www.ina-wissmann.de\/shop\/produkt\/granat-almandin-anhaenger-gebohrt-gr-l\/"},"modified":"2025-05-07T10:15:48","modified_gmt":"2025-05-07T08:15:48","slug":"granat-almandin-anhaenger-gebohrt-gr-l","status":"publish","type":"product","link":"https:\/\/www.ina-wissmann.de\/shop\/produkt\/granat-almandin-anhaenger-gebohrt-gr-l\/","title":{"rendered":"Granat Almandin Anh\u00e4nger gebohrt Gr.L"},"content":{"rendered":"<p>Gebohrter flacher Trommelstein, Tropfenform mit Loch f\u00fcr Lederband oder Silberkette<\/p>\n","protected":false},"excerpt":{"rendered":"<p>Granat-Anh\u00e4nger gebohrt f\u00fcr mehr Willenskraft, mit diesem Anh\u00e4nger am Dekolett\u00e9 machst du dir den Weg frei. Granat unterst\u00fctzt dich dabei, Krisen im Leben zu meistern, er st\u00e4rkt die Widerstandkraft und das Wurzelchakra Der Anh\u00e4nger ist ca. 3cm gro\u00df und dunkelrot-braun, Gewicht ca. 18-22g. Beim Kauf bekommst du einen dieser abgebildeten Steine<\/p>\n","protected":false},"featured_media":6240,"comment_status":"open","ping_status":"closed","template":"","meta":[],"product_brand":[],"product_cat":[263,768,271,764,759,305,317,377,177,274],"product_tag":[],"class_list":{"0":"post-15465","1":"product","2":"type-product","3":"status-publish","4":"has-post-thumbnail","6":"product_cat-edelsteine-a-z","7":"product_cat-erfolg-neuanfang","8":"product_cat-geburtssteine","9":"product_cat-gesundheit-vitalitaet","10":"product_cat-l","11":"product_cat-heilsteine","12":"product_cat-heilsteine-nach-farben","13":"product_cat-neu-im-shop","14":"product_cat-rot","15":"product_cat-skorpion-24-10-22-11","16":"product_shipping_class-paket","17":"post-wrapper","18":"thrv_wrapper","20":"first","21":"instock","22":"taxable","23":"shipping-taxable","24":"purchasable","25":"product-type-simple"},"jetpack_sharing_enabled":true,"_links":{"self":[{"href":"https:\/\/www.ina-wissmann.de\/shop\/wp-json\/wp\/v2\/product\/15465","targetHints":{"allow":["GET"]}}],"collection":[{"href":"https:\/\/www.ina-wissmann.de\/shop\/wp-json\/wp\/v2\/product"}],"about":[{"href":"https:\/\/www.ina-wissmann.de\/shop\/wp-json\/wp\/v2\/types\/product"}],"replies":[{"embeddable":true,"href":"https:\/\/www.ina-wissmann.de\/shop\/wp-json\/wp\/v2\/comments?post=15465"}],"wp:featuredmedia":[{"embeddable":true,"href":"https:\/\/www.ina-wissmann.de\/shop\/wp-json\/wp\/v2\/media\/6240"}],"wp:attachment":[{"href":"https:\/\/www.ina-wissmann.de\/shop\/wp-json\/wp\/v2\/media?parent=15465"}],"wp:term":[{"taxonomy":"product_brand","embeddable":true,"href":"https:\/\/www.ina-wissmann.de\/shop\/wp-json\/wp\/v2\/product_brand?post=15465"},{"taxonomy":"product_cat","embeddable":true,"href":"https:\/\/www.ina-wissmann.de\/shop\/wp-json\/wp\/v2\/product_cat?post=15465"},{"taxonomy":"product_tag","embeddable":true,"href":"https:\/\/www.ina-wissmann.de\/shop\/wp-json\/wp\/v2\/product_tag?post=15465"}],"curies":[{"name":"wp","href":"https:\/\/api.w.org\/{rel}","templated":true}]}}