{"id":15443,"date":"2024-11-21T15:53:29","date_gmt":"2024-11-21T14:53:29","guid":{"rendered":"https:\/\/www.ina-wissmann.de\/shop\/produkt\/citrinkristall-spitze-gebohrt-gr-l-2-3cm-rauchig\/"},"modified":"2025-07-22T10:29:48","modified_gmt":"2025-07-22T08:29:48","slug":"citrinkristall-spitze-gebohrt-gr-l-2-3cm-rauchig","status":"publish","type":"product","link":"https:\/\/www.ina-wissmann.de\/shop\/produkt\/citrinkristall-spitze-gebohrt-gr-l-2-3cm-rauchig\/","title":{"rendered":"Citrinkristall Spitze gebohrt Gr.L (2-3cm) rauchig"},"content":{"rendered":"<p>Citrinkristall Anh\u00e4nger gebohrt Gr.XLb ca. 3,5cm (ohne Lederband)nWohlstand &#8211; W\u00e4rme &#8211; Wohlf\u00fchlen<\/p>\n","protected":false},"excerpt":{"rendered":"<p>Naturcitrin Kristall gebohrt als Anh\u00e4nger (ohne Lederband), Herkunft: Brasilien Gr.L 2-3cm<br \/>Citrin gibt Lebensmut, macht positiv, unterst\u00fctzt dich in der Depression und l\u00e4sst wieder Sonnenstrahlen aus deiner Mitte funkeln.<br \/>Beim Kauf bekommst du diesen oder einen \u00e4hnlichen Steine genau diesen Typs!<\/p>\n","protected":false},"featured_media":10576,"comment_status":"open","ping_status":"closed","template":"","meta":[],"product_brand":[],"product_cat":[262,263,271,175,759,305,317,277,377,635,766],"product_tag":[],"class_list":{"0":"post-15443","1":"product","2":"type-product","3":"status-publish","4":"has-post-thumbnail","6":"product_cat-edelsteine","7":"product_cat-edelsteine-a-z","8":"product_cat-geburtssteine","9":"product_cat-gelbe-heilsteine-kaufen","10":"product_cat-l","11":"product_cat-heilsteine","12":"product_cat-heilsteine-nach-farben","13":"product_cat-loewe-23-07-23-08","14":"product_cat-neu-im-shop","15":"product_cat-steine-mit-c","16":"product_cat-wohlstand-fuelle","17":"product_shipping_class-paket","18":"post-wrapper","19":"thrv_wrapper","21":"first","22":"instock","23":"taxable","24":"shipping-taxable","25":"purchasable","26":"product-type-simple"},"jetpack_sharing_enabled":true,"_links":{"self":[{"href":"https:\/\/www.ina-wissmann.de\/shop\/wp-json\/wp\/v2\/product\/15443","targetHints":{"allow":["GET"]}}],"collection":[{"href":"https:\/\/www.ina-wissmann.de\/shop\/wp-json\/wp\/v2\/product"}],"about":[{"href":"https:\/\/www.ina-wissmann.de\/shop\/wp-json\/wp\/v2\/types\/product"}],"replies":[{"embeddable":true,"href":"https:\/\/www.ina-wissmann.de\/shop\/wp-json\/wp\/v2\/comments?post=15443"}],"wp:featuredmedia":[{"embeddable":true,"href":"https:\/\/www.ina-wissmann.de\/shop\/wp-json\/wp\/v2\/media\/10576"}],"wp:attachment":[{"href":"https:\/\/www.ina-wissmann.de\/shop\/wp-json\/wp\/v2\/media?parent=15443"}],"wp:term":[{"taxonomy":"product_brand","embeddable":true,"href":"https:\/\/www.ina-wissmann.de\/shop\/wp-json\/wp\/v2\/product_brand?post=15443"},{"taxonomy":"product_cat","embeddable":true,"href":"https:\/\/www.ina-wissmann.de\/shop\/wp-json\/wp\/v2\/product_cat?post=15443"},{"taxonomy":"product_tag","embeddable":true,"href":"https:\/\/www.ina-wissmann.de\/shop\/wp-json\/wp\/v2\/product_tag?post=15443"}],"curies":[{"name":"wp","href":"https:\/\/api.w.org\/{rel}","templated":true}]}}