{"id":15438,"date":"2024-11-21T15:53:14","date_gmt":"2024-11-21T14:53:14","guid":{"rendered":"https:\/\/www.ina-wissmann.de\/shop\/produkt\/chrysopras-brasilien-trommelstein-gebohrt-gr-l\/"},"modified":"2025-03-02T16:40:50","modified_gmt":"2025-03-02T15:40:50","slug":"chrysopras-brasilien-trommelstein-gebohrt-gr-l","status":"publish","type":"product","link":"https:\/\/www.ina-wissmann.de\/shop\/produkt\/chrysopras-brasilien-trommelstein-gebohrt-gr-l\/","title":{"rendered":"Chrysopras Brasilien Trommelstein gebohrt Gr. L"},"content":{"rendered":"<p>Chrysopras Trommelstein gebohrt<\/p>\n","protected":false},"excerpt":{"rendered":"<p>Chrysopras Brasilien Trommelstein gebohrt f\u00fcr Lederband oder Silberkette Gr.L nEntgiftung, f\u00f6rdert Urvertrauen und Geborgenheit nUnterst\u00fctzt in Partnerschaften, Beziehungsprobleme zu kl\u00e4ren<\/p>\n","protected":false},"featured_media":10111,"comment_status":"open","ping_status":"closed","template":"","meta":[],"product_brand":[],"product_cat":[262,263,275,271,759,178,321,305,317,280,283],"product_tag":[126,108,119,121,38,118,32,37,83,89,120],"class_list":{"0":"post-15438","1":"product","2":"type-product","3":"status-publish","4":"has-post-thumbnail","6":"product_cat-edelsteine","7":"product_cat-edelsteine-a-z","8":"product_cat-fische-20-02-20-03","9":"product_cat-geburtssteine","10":"product_cat-l","11":"product_cat-gruen","12":"product_cat-gruene-heilsteine","13":"product_cat-heilsteine","14":"product_cat-heilsteine-nach-farben","15":"product_cat-jungfrau-24-08-23-09","16":"product_cat-waage-24-09-23-10","17":"product_tag-chrysopras-aus-australien-mit-lochbohrung-fuer-lederband","18":"product_tag-edelstein-anhaenger","19":"product_tag-edelsteinanhaenger","20":"product_tag-gebohrter-anhhaenger","21":"product_tag-gesundheit","22":"product_tag-kette","23":"product_tag-mineralien","24":"product_tag-schmuck","25":"product_tag-steinheilkunde","26":"product_tag-taschenstein","27":"product_tag-trommelstein-anhaenger","28":"product_shipping_class-paket","29":"post-wrapper","30":"thrv_wrapper","32":"first","33":"instock","34":"taxable","35":"shipping-taxable","36":"purchasable","37":"product-type-simple"},"jetpack_sharing_enabled":true,"_links":{"self":[{"href":"https:\/\/www.ina-wissmann.de\/shop\/wp-json\/wp\/v2\/product\/15438","targetHints":{"allow":["GET"]}}],"collection":[{"href":"https:\/\/www.ina-wissmann.de\/shop\/wp-json\/wp\/v2\/product"}],"about":[{"href":"https:\/\/www.ina-wissmann.de\/shop\/wp-json\/wp\/v2\/types\/product"}],"replies":[{"embeddable":true,"href":"https:\/\/www.ina-wissmann.de\/shop\/wp-json\/wp\/v2\/comments?post=15438"}],"wp:featuredmedia":[{"embeddable":true,"href":"https:\/\/www.ina-wissmann.de\/shop\/wp-json\/wp\/v2\/media\/10111"}],"wp:attachment":[{"href":"https:\/\/www.ina-wissmann.de\/shop\/wp-json\/wp\/v2\/media?parent=15438"}],"wp:term":[{"taxonomy":"product_brand","embeddable":true,"href":"https:\/\/www.ina-wissmann.de\/shop\/wp-json\/wp\/v2\/product_brand?post=15438"},{"taxonomy":"product_cat","embeddable":true,"href":"https:\/\/www.ina-wissmann.de\/shop\/wp-json\/wp\/v2\/product_cat?post=15438"},{"taxonomy":"product_tag","embeddable":true,"href":"https:\/\/www.ina-wissmann.de\/shop\/wp-json\/wp\/v2\/product_tag?post=15438"}],"curies":[{"name":"wp","href":"https:\/\/api.w.org\/{rel}","templated":true}]}}