{"id":15281,"date":"2024-11-21T15:50:48","date_gmt":"2024-11-21T14:50:48","guid":{"rendered":"https:\/\/www.ina-wissmann.de\/shop\/produkt\/wie-steine-wirken-kartenset\/"},"modified":"2025-11-30T15:42:04","modified_gmt":"2025-11-30T14:42:04","slug":"wie-steine-wirken-kartenset","status":"publish","type":"product","link":"https:\/\/www.ina-wissmann.de\/shop\/produkt\/wie-steine-wirken-kartenset\/","title":{"rendered":"WIE STEINE WIRKEN Kartenset"},"content":{"rendered":"<p>Auf Wunsch kannst du zum Kartenset auch die dazugeh\u00f6rigen Steine erhalten. Im Set sparst du gegen\u00fcber dem Einzelkauf. Das gesamt Set inkl. Steine in Gr\u00f6\u00dfe S (ca. 2cm) findest du hier: <a href=\"https:\/\/www.ina-wissmann.de\/shop\/produkt\/wie-steine-wirken-kartendeck-mit-60-karten-und-den-passenden-heilsteinen\/\">Kartenset inkl. Steine <\/a><\/p>\n<ul>\n<li>Ordne deine Steine schnell und einfach nach den Bildern auf den Karten zu und lerne von der R\u00fcckseite ihre Heilwirkungen kennen<\/li>\n<li>Zieh dir deine Tagesinspiration<\/li>\n<li>Energetisiere dein Wasser auf dem Stein deiner Wahl<\/li>\n<li>Lege dir die Karten auf Stellen am K\u00f6rper, an denen du mehr Energie ben\u00f6tigst<\/li>\n<\/ul>\n<p>Die Karten sind im DIN A6-Format hochwertig gearbeitet und werden in einem bedruckten Karton geliefert. Das Kartenset ist nach 4-j\u00e4hriger Entwicklung im Rahmen der Steinheilkunde-Ausbildung nach Michael Gienger entstanden.<\/p>\n<p>Aufgrund von Unstimmigkeiten in vorhandener Literatur habe ich (damals in Kommunikation mit Michael Gienger(2014) und nach 2014 mit Bernhard Bruder vom EPI-Edelstein-Pr\u00fcfinstitut) einiges kl\u00e4ren k\u00f6nnen und diese neuen Erkenntnisse in das Set einflie\u00dfen lassen.<\/p>\n<p>Die Bilder habe ich alle selbst im Sommer 2018 aufgenommen &#8211; sie sind alle hier in Handeloh im Wald entstanden.<\/p>\n<p>Wenn du Fragen dazu hast, ruf mich gern an oder schreib mir eine Mail.<\/p>\n<p>Der Umkarton f\u00fcr das Kartenset ist aus rotem Karton, plastikfrei, so auch die Banderole aus Papier. Mit dem Kartenset bekommst und eine Karte mit der Zeichenerkl\u00e4rung f\u00fcr die Symbole, die auf den Karten abgebildet sind und 60 Lernkarten, beidseitig bedruckt.<\/p>\n","protected":false},"excerpt":{"rendered":"<p>Kartenset in DIN A6, cellophaniert und damit lange haltbar.<br \/>\n60 der wichtigsten Heilsteine und Ihre Wirkungsweise auf K\u00f6rper, Geist, Seele und Verstand sind abgebildet und beschrieben mit Texten von Michael Gienger.<br \/>\n(Text Indikationen aus dem Buch Heilsteine 555 Steine von A-Z von Michael Gienger mit freundlicher Genehmigung \u00a9 Michael Gienger\/<a href=\"https:\/\/shop.neueerde.de\/index.php?lang=0&amp;cl=search&amp;searchparam=Michael+Gienger\">Neue Erde Verlag<\/a>)<br \/>\nDie Karten sind im DIN A6-Format hochwertig gearbeitet und werden in einem roten Papp-Karton geliefert.<\/p>\n","protected":false},"featured_media":5251,"comment_status":"open","ping_status":"closed","template":"","meta":[],"product_brand":[],"product_cat":[231],"product_tag":[240,83],"class_list":{"0":"post-15281","1":"product","2":"type-product","3":"status-publish","4":"has-post-thumbnail","6":"product_cat-literatur","7":"product_tag-kartenset","8":"product_tag-steinheilkunde","9":"product_shipping_class-paket","10":"post-wrapper","11":"thrv_wrapper","13":"first","14":"instock","15":"taxable","16":"shipping-taxable","17":"purchasable","18":"product-type-simple"},"jetpack_sharing_enabled":true,"_links":{"self":[{"href":"https:\/\/www.ina-wissmann.de\/shop\/wp-json\/wp\/v2\/product\/15281","targetHints":{"allow":["GET"]}}],"collection":[{"href":"https:\/\/www.ina-wissmann.de\/shop\/wp-json\/wp\/v2\/product"}],"about":[{"href":"https:\/\/www.ina-wissmann.de\/shop\/wp-json\/wp\/v2\/types\/product"}],"replies":[{"embeddable":true,"href":"https:\/\/www.ina-wissmann.de\/shop\/wp-json\/wp\/v2\/comments?post=15281"}],"wp:featuredmedia":[{"embeddable":true,"href":"https:\/\/www.ina-wissmann.de\/shop\/wp-json\/wp\/v2\/media\/5251"}],"wp:attachment":[{"href":"https:\/\/www.ina-wissmann.de\/shop\/wp-json\/wp\/v2\/media?parent=15281"}],"wp:term":[{"taxonomy":"product_brand","embeddable":true,"href":"https:\/\/www.ina-wissmann.de\/shop\/wp-json\/wp\/v2\/product_brand?post=15281"},{"taxonomy":"product_cat","embeddable":true,"href":"https:\/\/www.ina-wissmann.de\/shop\/wp-json\/wp\/v2\/product_cat?post=15281"},{"taxonomy":"product_tag","embeddable":true,"href":"https:\/\/www.ina-wissmann.de\/shop\/wp-json\/wp\/v2\/product_tag?post=15281"}],"curies":[{"name":"wp","href":"https:\/\/api.w.org\/{rel}","templated":true}]}}