{"id":14806,"date":"2024-10-18T19:39:47","date_gmt":"2024-10-18T17:39:47","guid":{"rendered":"https:\/\/www.ina-wissmann.de\/shop\/?post_type=product&#038;p=14806"},"modified":"2024-11-20T22:32:46","modified_gmt":"2024-11-20T21:32:46","slug":"goldberyll-trommelsteine","status":"publish","type":"product","link":"https:\/\/www.ina-wissmann.de\/shop\/produkt\/goldberyll-trommelsteine\/","title":{"rendered":"Goldberyll Trommelsteine"},"content":{"rendered":"<p>Goldberyll ist ein gelber Beryll, der dich unterst\u00fctzt, von Nervosit\u00e4t und Gereiztheit wieder in die Lebensfreude zu finden. Ein Stein f\u00fcr mehr Zuversicht im Leben.<\/p>\n","protected":false},"excerpt":{"rendered":"<p>Goldberyll ist ein gelber Beryll, der dich unterst\u00fctzt, von Nervosit\u00e4t und Gereiztheit wieder in die Lebensfreude zu finden. Ein Stein f\u00fcr mehr Zuversicht im Leben.<\/p>\n","protected":false},"featured_media":14847,"comment_status":"open","ping_status":"closed","template":"","meta":[],"product_brand":[],"product_cat":[698,244],"product_tag":[],"class_list":{"0":"post-14806","1":"product","2":"type-product","3":"status-publish","4":"has-post-thumbnail","6":"product_cat-solarplexuschakra","7":"product_cat-unkategorisiert","8":"post-wrapper","9":"thrv_wrapper","11":"first","12":"instock","13":"sold-individually","14":"taxable","15":"shipping-taxable","16":"purchasable","17":"product-type-variable"},"jetpack_sharing_enabled":true,"_links":{"self":[{"href":"https:\/\/www.ina-wissmann.de\/shop\/wp-json\/wp\/v2\/product\/14806","targetHints":{"allow":["GET"]}}],"collection":[{"href":"https:\/\/www.ina-wissmann.de\/shop\/wp-json\/wp\/v2\/product"}],"about":[{"href":"https:\/\/www.ina-wissmann.de\/shop\/wp-json\/wp\/v2\/types\/product"}],"replies":[{"embeddable":true,"href":"https:\/\/www.ina-wissmann.de\/shop\/wp-json\/wp\/v2\/comments?post=14806"}],"wp:featuredmedia":[{"embeddable":true,"href":"https:\/\/www.ina-wissmann.de\/shop\/wp-json\/wp\/v2\/media\/14847"}],"wp:attachment":[{"href":"https:\/\/www.ina-wissmann.de\/shop\/wp-json\/wp\/v2\/media?parent=14806"}],"wp:term":[{"taxonomy":"product_brand","embeddable":true,"href":"https:\/\/www.ina-wissmann.de\/shop\/wp-json\/wp\/v2\/product_brand?post=14806"},{"taxonomy":"product_cat","embeddable":true,"href":"https:\/\/www.ina-wissmann.de\/shop\/wp-json\/wp\/v2\/product_cat?post=14806"},{"taxonomy":"product_tag","embeddable":true,"href":"https:\/\/www.ina-wissmann.de\/shop\/wp-json\/wp\/v2\/product_tag?post=14806"}],"curies":[{"name":"wp","href":"https:\/\/api.w.org\/{rel}","templated":true}]}}