{"id":14081,"date":"2024-05-05T19:52:53","date_gmt":"2024-05-05T17:52:53","guid":{"rendered":"https:\/\/www.ina-wissmann.de\/shop\/?post_type=product&#038;p=14081"},"modified":"2025-09-12T19:35:08","modified_gmt":"2025-09-12T17:35:08","slug":"schoerl-anhaenger-naturkrsitall-gr-l","status":"publish","type":"product","link":"https:\/\/www.ina-wissmann.de\/shop\/produkt\/schoerl-anhaenger-naturkrsitall-gr-l\/","title":{"rendered":"Sch\u00f6rl Anh\u00e4nger Naturkristall Gr. L"},"content":{"rendered":"<h4>Lieferumfang:<\/h4>\n<p>Bei Bestellung bekommst du einen der abgebildeten Steine.<\/p>\n<p><strong>Steine sind ein Naturprodukt<\/strong><\/p>\n<p>Edelsteine sind ein Naturprodukt und k\u00f6nnen Farbabweichungen und nat\u00fcrliche Risse an der Oberfl\u00e4che haben. Dies ist unvermeidlich, da nat\u00fcrlich entstanden. Trotz sorgf\u00e4ltiger Schleifarbeit kommt es zu unterschiedlichen Oberfl\u00e4chen und Polituren. Bitte ber\u00fccksichtige das bei deinem Einkauf. Du erwirbst ein Naturprodukt, wo keines so ist, wie das andere!<\/p>\n<p><em><img decoding=\"async\" class=\"size-full wp-image-7409 alignleft\" src=\"https:\/\/www.ina-wissmann.de\/shop\/wp-content\/uploads\/2021\/06\/SHop-Produkt-Anwender-Tipp-Bild.jpg\" alt=\"\" width=\"200\" height=\"200\" srcset=\"https:\/\/www.ina-wissmann.de\/shop\/wp-content\/uploads\/2021\/06\/SHop-Produkt-Anwender-Tipp-Bild.jpg 200w, https:\/\/www.ina-wissmann.de\/shop\/wp-content\/uploads\/2021\/06\/SHop-Produkt-Anwender-Tipp-Bild-150x150.jpg 150w, https:\/\/www.ina-wissmann.de\/shop\/wp-content\/uploads\/2021\/06\/SHop-Produkt-Anwender-Tipp-Bild-100x100.jpg 100w\" sizes=\"(max-width: 200px) 100vw, 200px\" \/><\/em><\/p>\n<p>&nbsp;<\/p>\n<p>&nbsp;<\/p>\n<p>Der Sch\u00f6rl ist einer der besten und wirkungsvollsten Schutzkristalle \u00fcberhaupt!<\/p>\n","protected":false},"excerpt":{"rendered":"<h3>Beschreibung:<\/h3>\n<p>Sch\u00f6rl Anh\u00e4nger Naturkrsitall Gr. L<\/p>\n<h3>Bedeutung:<\/h3>\n<p>Um mehr Schutz in dein Leben zu holen, kannst du den Sch\u00f6rl tragen, auch schwarzen Turmalin genannt. Auf der Thymusdr\u00fcse getragen verteilt sich seine Energie \u00fcber dein gesamtes K\u00f6rper- und Energiesystem. Schwarzer Turmalin ist wie eine energetische Grenze zwischen dir und deinem Gegen\u00fcber, wie ein Schutzschild, das dich bei dir bleiben l\u00e4sst und von au\u00dfen niemanden in deinen energetischen Raum hineinl\u00e4sst.<br \/>\nEr bewahrt deine Grenzen und sch\u00fctzt dich sogar vor Elektrosmog. Mit dem Sch\u00f6rl nimmst du keine unerw\u00fcnschten Energien mehr auf und kommst ganz in deine Kraft. Der Sch\u00f6rl ist einer der besten und wirkungsvollsten Schutzkristalle \u00fcberhaupt. In R\u00e4umen kannst du ihn in allen Ecken platzieren, um dir einen Schutzkreis um dich herum aufzubauen. Es versiegelt den Raum f\u00fcr fremde Energien von au\u00dfen. Er unterst\u00fctzt dich, deine ureigenen Ziele wieder zu entdecken und dich darauf zu fokussieren.<\/p>\n<p>&nbsp;<\/p>\n","protected":false},"featured_media":13547,"comment_status":"open","ping_status":"closed","template":"","meta":[],"product_brand":[],"product_cat":[752,691,212,759,214,767,184,327,281,651,652,282],"product_tag":[],"class_list":{"0":"post-14081","1":"product","2":"type-product","3":"status-publish","4":"has-post-thumbnail","6":"product_cat-schmuck","7":"product_cat-anhaenger","8":"product_cat-anhaenger-schwarz","9":"product_cat-l","10":"product_cat-rohsteine-schwarz","11":"product_cat-schutz-stabilitaet","12":"product_cat-schwarz","13":"product_cat-schwarze-heilsteine","14":"product_cat-steinbock-22-12-20-01","15":"product_cat-steine-mit-s","16":"product_cat-steine-mit-t","17":"product_cat-zwilling-21-05-21-06","18":"product_shipping_class-paket","19":"post-wrapper","20":"thrv_wrapper","22":"first","23":"instock","24":"taxable","25":"shipping-taxable","26":"purchasable","27":"product-type-variable"},"jetpack_sharing_enabled":true,"_links":{"self":[{"href":"https:\/\/www.ina-wissmann.de\/shop\/wp-json\/wp\/v2\/product\/14081","targetHints":{"allow":["GET"]}}],"collection":[{"href":"https:\/\/www.ina-wissmann.de\/shop\/wp-json\/wp\/v2\/product"}],"about":[{"href":"https:\/\/www.ina-wissmann.de\/shop\/wp-json\/wp\/v2\/types\/product"}],"replies":[{"embeddable":true,"href":"https:\/\/www.ina-wissmann.de\/shop\/wp-json\/wp\/v2\/comments?post=14081"}],"wp:featuredmedia":[{"embeddable":true,"href":"https:\/\/www.ina-wissmann.de\/shop\/wp-json\/wp\/v2\/media\/13547"}],"wp:attachment":[{"href":"https:\/\/www.ina-wissmann.de\/shop\/wp-json\/wp\/v2\/media?parent=14081"}],"wp:term":[{"taxonomy":"product_brand","embeddable":true,"href":"https:\/\/www.ina-wissmann.de\/shop\/wp-json\/wp\/v2\/product_brand?post=14081"},{"taxonomy":"product_cat","embeddable":true,"href":"https:\/\/www.ina-wissmann.de\/shop\/wp-json\/wp\/v2\/product_cat?post=14081"},{"taxonomy":"product_tag","embeddable":true,"href":"https:\/\/www.ina-wissmann.de\/shop\/wp-json\/wp\/v2\/product_tag?post=14081"}],"curies":[{"name":"wp","href":"https:\/\/api.w.org\/{rel}","templated":true}]}}