{"id":13664,"date":"2024-11-21T15:52:05","date_gmt":"2024-11-21T14:52:05","guid":{"rendered":"https:\/\/www.ina-wissmann.de\/shop\/?post_type=product&#038;p=13664"},"modified":"2025-10-23T20:17:43","modified_gmt":"2025-10-23T18:17:43","slug":"bergkristall-kettenverbinder","status":"publish","type":"product","link":"https:\/\/www.ina-wissmann.de\/shop\/produkt\/bergkristall-kettenverbinder\/","title":{"rendered":"Bergkristall Kettenverbinder"},"content":{"rendered":"<h4>Lieferumfang:<\/h4>\n<p>1 Bergkristall Kettenunterbrecher wie abgebildet<\/p>\n<h4>Steine sind ein Naturprodukt<\/h4>\n<p>Edelsteine sind ein Naturprodukt und k\u00f6nnen Farbabweichungen und nat\u00fcrliche Risse an der Oberfl\u00e4che haben. Dies ist unvermeidlich, da nat\u00fcrlich entstanden. Trotz sorgf\u00e4ltiger Schleifarbeit kommt es zu unterschiedlichen Oberfl\u00e4chen und Polituren. Bitte ber\u00fccksichtige das bei deinem Einkauf. Du erwirbst ein Naturprodukt, wo keines so ist, wie das andere! <em><img decoding=\"async\" class=\"size-full\" src=\"https:\/\/www.ina-wissmann.de\/shop\/wp-content\/uploads\/2021\/06\/SHop-Produkt-Anwender-Tipp-Bild.jpg\" alt=\"width=200\" height=\"200\" \/><\/em> \u00a0 \u00a0 Kettenunterbrecher aus Bergkristall helfen dir, wenn geschlossene Metallketten dir energetisch die Hals zuschn\u00fcren! Die energetischere L\u00f6sung statt Plastik-Zwischenteile.<\/p>\n","protected":false},"excerpt":{"rendered":"<h3>Beschreibung:<\/h3>\n<p>Bergkristall-Kettenunterbrecher mit Silberkarabiner, um den Energieflu\u00df zu erhalten, wenn du Ketten auf Silberdraht tr\u00e4gst.<\/p>\n<h3>Bedeutung:<\/h3>\n<p class=\"tve-droppable\"><span data-css=\"tve-u-18e43d2be4f\">Bergkristall-Er sorgt f\u00fcr Klarheit und Neutralit\u00e4t. Gerade in diesen Zeiten ist es wichtig, klar zu sehen und sich nicht von Meinungsmachern mitziehen zu lassen, sondern selbst zu analysieren und einen klaren Standpunkt einzunehmen. Er unterst\u00fctzt sich den Fokus zu halten und das Ziel nicht aus den Augen zu verlieren. <\/span><span data-css=\"tve-u-18e43d2be53\">Bergkristall erh\u00f6ht deine Energie. Er gibt Energie in alles, was ist. <\/span><\/p>\n","protected":false},"featured_media":16778,"comment_status":"open","ping_status":"closed","template":"","meta":[],"product_brand":[],"product_cat":[262,263,626,305,317,377,172],"product_tag":[],"class_list":{"0":"post-13664","1":"product","2":"type-product","3":"status-publish","4":"has-post-thumbnail","6":"product_cat-edelsteine","7":"product_cat-edelsteine-a-z","8":"product_cat-edelsteine-zubehoer","9":"product_cat-heilsteine","10":"product_cat-heilsteine-nach-farben","11":"product_cat-neu-im-shop","12":"product_cat-transparent","13":"product_shipping_class-paket","14":"post-wrapper","15":"thrv_wrapper","17":"first","18":"instock","19":"taxable","20":"shipping-taxable","21":"purchasable","22":"product-type-simple"},"jetpack_sharing_enabled":true,"_links":{"self":[{"href":"https:\/\/www.ina-wissmann.de\/shop\/wp-json\/wp\/v2\/product\/13664","targetHints":{"allow":["GET"]}}],"collection":[{"href":"https:\/\/www.ina-wissmann.de\/shop\/wp-json\/wp\/v2\/product"}],"about":[{"href":"https:\/\/www.ina-wissmann.de\/shop\/wp-json\/wp\/v2\/types\/product"}],"replies":[{"embeddable":true,"href":"https:\/\/www.ina-wissmann.de\/shop\/wp-json\/wp\/v2\/comments?post=13664"}],"wp:featuredmedia":[{"embeddable":true,"href":"https:\/\/www.ina-wissmann.de\/shop\/wp-json\/wp\/v2\/media\/16778"}],"wp:attachment":[{"href":"https:\/\/www.ina-wissmann.de\/shop\/wp-json\/wp\/v2\/media?parent=13664"}],"wp:term":[{"taxonomy":"product_brand","embeddable":true,"href":"https:\/\/www.ina-wissmann.de\/shop\/wp-json\/wp\/v2\/product_brand?post=13664"},{"taxonomy":"product_cat","embeddable":true,"href":"https:\/\/www.ina-wissmann.de\/shop\/wp-json\/wp\/v2\/product_cat?post=13664"},{"taxonomy":"product_tag","embeddable":true,"href":"https:\/\/www.ina-wissmann.de\/shop\/wp-json\/wp\/v2\/product_tag?post=13664"}],"curies":[{"name":"wp","href":"https:\/\/api.w.org\/{rel}","templated":true}]}}